{"id":11173,"date":"2024-09-11T08:39:01","date_gmt":"2024-09-11T06:39:01","guid":{"rendered":"https:\/\/arvier.eu\/?page_id=11173"},"modified":"2024-09-20T15:30:21","modified_gmt":"2024-09-20T13:30:21","slug":"attuazione-misure-pnrr","status":"publish","type":"page","link":"https:\/\/arvier.eu\/fr\/attuazione-misure-pnrr\/","title":{"rendered":"Attuazione misure PNRR"},"content":{"rendered":"\n<figure class=\"wp-block-image size-large is-resized\"><img decoding=\"async\" src=\"https:\/\/www.italiadomani.gov.it\/content\/dam\/sogei-ng\/loghi\/logo-italia-domani.svg\" alt=\"\" style=\"width:487px;height:auto\"\/><\/figure>\n\n\n\n<hr class=\"wp-block-separator has-alpha-channel-opacity\"\/>\n\n\n\n<p>Il&nbsp;<strong>Piano Nazionale di Ripresa e Resilienza (PNRR)&nbsp;<\/strong><a href=\"https:\/\/italiadomani.gov.it\/it\/home.html\"><strong>Italia Domani<\/strong><\/a>, approvato dalla Commissione europea il 22 aprile 2021,&nbsp;si inserisce all\u2019interno del programma&nbsp;<strong>Next Generation EU (NGEU)<\/strong>, il pacchetto da 750 miliardi di euro concordato dall\u2019Unione Europea in risposta alla crisi pandemica, e prevede investimenti pari a&nbsp;<strong>194,4 miliardi di euro<\/strong>, finanziati attraverso il Dispositivo per la Ripresa e la Resilienza.<\/p>\n\n\n\n<p>A questi si affiancano ulteriori&nbsp;<strong>30,6 miliardi di euro<\/strong>&nbsp;del&nbsp;<a href=\"https:\/\/www.governo.it\/it\/approfondimento\/sinergia-tra-pnrr-e-fondo-complementare\/16699\">Fondo Complementare<\/a>, finanziato attraverso lo scostamento pluriennale di bilancio approvato il 15 aprile 2021, per la copertura finanziaria di un Piano nazionale di investimento di quei progetti coerenti con le strategie del PNRR.<\/p>\n\n\n\n<p>Il Piano, che si sviluppa in&nbsp;<a href=\"https:\/\/www.governo.it\/it\/approfondimento\/le-missioni-e-le-componenti-del-pnrr\/16700\">sei Missioni<\/a>, ha&nbsp;<strong>tre obiettivi principali<\/strong>. Il primo, con un orizzonte temporale ravvicinato, risiede nel riparare i danni economici e sociali causati della crisi pandemica. Con una prospettiva pi\u00f9 di medio-lungo termine, il Piano affronta alcune debolezze che affliggono la nostra economia e la nostra societ\u00e0 da decenni: i perduranti divari territoriali, le disparit\u00e0 di genere, la debole crescita della produttivit\u00e0 e il basso investimento in capitale umano e fisico. Infine, le risorse del Piano contribuiscono a dare impulso a una compiuta transizione ecologica.<\/p>\n\n\n\n<p>Il PNRR quindi non \u00e8 soltanto un programma di investimento tradizionale ma \u00e8 pensato come un&nbsp;<strong>vero e proprio progetto trasformativo<\/strong>, nel quale gli stanziamenti di risorse sono accompagnati da un corposo pacchetto di&nbsp;<strong>riforme&nbsp;<\/strong>necessarie per superare le storiche barriere che hanno frenato lo sviluppo degli investimenti pubblici e privati negli scorsi decenni e le debolezze strutturali che hanno per lungo tempo rallentato la crescita e determinato livelli occupazionali insoddisfacenti, soprattutto per i giovani e le donne.<\/p>\n\n\n\n<p>Il PNRR aiuter\u00e0 a sostenere la ripresa dell\u2019economia, dando impulso al rimbalzo nella crescita del PIL, e contribuendo a mantenere elevata la dinamica del reddito negli anni successivi. Inoltre, il PNRR aumenter\u00e0 la crescita potenziale e la produttivit\u00e0 attraverso l\u2019innovazione, la digitalizzazione e gli investimenti nel capitale umano<a href=\"#_ftn1\" id=\"_ftnref1\">[1]<\/a>.<\/p>\n\n\n\n<hr class=\"wp-block-separator has-alpha-channel-opacity\"\/>\n\n\n\n<p><a href=\"#_ftnref1\" id=\"_ftn1\">[1]<\/a> Fonte: Presidenza del Consilio dei Ministri &#8211; https:\/\/www.governo.it\/it\/approfondimento\/pnrr-gli-obiettivi-e-la-struttura\/16702<\/p>\n\n\n\n<p><a rel=\"noreferrer noopener\" href=\"https:\/\/www.italiadomani.gov.it\/it\/home.html\" target=\"_blank\">Scopri di pi\u00f9 sul PNRR<\/a><\/p>\n\n\n\n<figure class=\"wp-block-image size-full\"><img loading=\"lazy\" decoding=\"async\" width=\"417\" height=\"100\" src=\"https:\/\/arvier.eu\/wp-content\/uploads\/2024\/09\/logo-orizzontale-finanziato-ue.png.webp\" alt=\"\" class=\"wp-image-11174\" srcset=\"https:\/\/arvier.eu\/wp-content\/uploads\/2024\/09\/logo-orizzontale-finanziato-ue.png.webp 417w, https:\/\/arvier.eu\/wp-content\/uploads\/2024\/09\/logo-orizzontale-finanziato-ue.png-300x72.webp 300w\" sizes=\"auto, (max-width: 417px) 100vw, 417px\" \/><\/figure>\n\n\n\n<h2 class=\"wp-block-heading\">Progetti finanziati dal PNRR<\/h2>\n\n\n\n<p><strong>M1 Digitalizzazione, innovazione, competitivit\u00e0, cultura e turismo<\/strong><br>Componente 3 &#8211; Turismo e Cultura 4.0<br>Misura 2 &#8211; Investimento 2.1 \u2018Attrattivit\u00e0 dei Borghi \u2013 Linea A\u2019 \u2013 Progetto \u2018Agile Arvier. La cultura del cambiamento\u2019 (CUP F87B22000380001) per un valore finanziato pari a 20.000.000 euro<\/p>\n\n\n\n<div class=\"wp-block-cover is-light\" style=\"min-height:279px;aspect-ratio:unset;\"><span aria-hidden=\"true\" class=\"wp-block-cover__background has-background-dim\" style=\"background-color:#cccccc\"><\/span><img loading=\"lazy\" decoding=\"async\" width=\"373\" height=\"373\" class=\"wp-block-cover__image-background wp-image-11222\" alt=\"\" src=\"https:\/\/arvier.eu\/wp-content\/uploads\/2024\/09\/Clicca-qui-1.png\" data-object-fit=\"cover\" srcset=\"https:\/\/arvier.eu\/wp-content\/uploads\/2024\/09\/Clicca-qui-1.png 373w, https:\/\/arvier.eu\/wp-content\/uploads\/2024\/09\/Clicca-qui-1-300x300.png 300w, https:\/\/arvier.eu\/wp-content\/uploads\/2024\/09\/Clicca-qui-1-150x150.png 150w, https:\/\/arvier.eu\/wp-content\/uploads\/2024\/09\/Clicca-qui-1-80x80.png 80w\" sizes=\"auto, (max-width: 373px) 100vw, 373px\" \/><div class=\"wp-block-cover__inner-container is-layout-flow wp-block-cover-is-layout-flow\">\n<p class=\"has-text-align-center has-large-font-size\"><a href=\"https:\/\/arvier.eu\/attuazione-misure-pnrr\/il-progetto-agile-arvier-la-cultura-del-cambiamento\/\">Fai clic qui per scoprire ulteriori informazioni.<\/a><\/p>\n<\/div><\/div>\n\n\n\n<p>Al 30 giugno 2024, le risorse complessivamente impegnate\/prenotate ammontano a euro 5.995.484,40 mentre i pagamenti si attestano a euro 407.439,92<a href=\"#_ftn1\" id=\"_ftnref1\">[1]<\/a>.<\/p>\n\n\n\n<p>Alla data di aggiornamento del portale lo stato progettuale degli interventi \u00e8 cos\u00ec definito:<\/p>\n\n\n\n<ul class=\"wp-block-list\">\n<li><strong>1 intervento in esecuzione<\/strong><\/li>\n<\/ul>\n\n\n\n<hr class=\"wp-block-separator has-alpha-channel-opacity\"\/>\n\n\n\n<p><a href=\"#_ftnref1\" id=\"_ftn1\">[1]<\/a> Tale importo non considera le spese sostenute dai soggetti realizzatori esterni pubblici o assimilati di diritto pubblico per i quali vengono contabilizzati, a livello di bilancio, i soli \u2018trasferimenti\u2019 effettuati a titolo di anticipazione\/rimborso.<\/p>\n\n\n\n<p><strong>Mappa dei luoghi coinvolti dai progetti finanziati<\/strong><\/p>\n\n\n\n<iframe loading=\"lazy\" src=\"https:\/\/www.google.com\/maps\/d\/embed?mid=114gvl_g1SSPVdRchcRrRv4NG87C4RYc&#038;ehbc=2E312F\" width=\"640\" height=\"480\"><\/iframe>\n","protected":false},"excerpt":{"rendered":"<p>Il&nbsp;Piano Nazionale di Ripresa e Resilienza (PNRR)&nbsp;Italia Domani, approvato dalla Commissione europea il 22 aprile 2021,&nbsp;si inserisce all\u2019interno del programma&nbsp;Next Generation EU (NGEU), il pacchetto da 750 miliardi di euro concordato dall\u2019Unione Europea in risposta alla crisi pandemica, e prevede investimenti pari a&nbsp;194,4 miliardi di euro, finanziati attraverso il Dispositivo per la Ripresa e la Resilienza.<\/p>\n","protected":false},"author":1,"featured_media":0,"parent":0,"menu_order":1,"comment_status":"closed","ping_status":"closed","template":"","meta":{"footnotes":""},"tags":[],"class_list":["post-11173","page","type-page","status-publish","hentry"],"publishpress_future_action":{"enabled":false,"date":"2026-05-06 22:49:19","action":"change-status","newStatus":"draft","terms":[],"taxonomy":"post_tag","extraData":[]},"publishpress_future_workflow_manual_trigger":{"enabledWorkflows":[]},"_links":{"self":[{"href":"https:\/\/arvier.eu\/fr\/wp-json\/wp\/v2\/pages\/11173","targetHints":{"allow":["GET"]}}],"collection":[{"href":"https:\/\/arvier.eu\/fr\/wp-json\/wp\/v2\/pages"}],"about":[{"href":"https:\/\/arvier.eu\/fr\/wp-json\/wp\/v2\/types\/page"}],"author":[{"embeddable":true,"href":"https:\/\/arvier.eu\/fr\/wp-json\/wp\/v2\/users\/1"}],"replies":[{"embeddable":true,"href":"https:\/\/arvier.eu\/fr\/wp-json\/wp\/v2\/comments?post=11173"}],"version-history":[{"count":0,"href":"https:\/\/arvier.eu\/fr\/wp-json\/wp\/v2\/pages\/11173\/revisions"}],"wp:attachment":[{"href":"https:\/\/arvier.eu\/fr\/wp-json\/wp\/v2\/media?parent=11173"}],"wp:term":[{"taxonomy":"post_tag","embeddable":true,"href":"https:\/\/arvier.eu\/fr\/wp-json\/wp\/v2\/tags?post=11173"}],"curies":[{"name":"wp","href":"https:\/\/api.w.org\/{rel}","templated":true}]}}

<figure class="wp-block-image size-large is-resized"><img decoding="async" src="https://www.italiadomani.gov.it/content/dam/sogei-ng/loghi/logo-italia-domani.svg" alt="" style="width:487px;height:auto"/></figure>



<hr class="wp-block-separator has-alpha-channel-opacity"/>



<p>Il&nbsp;<strong>Piano Nazionale di Ripresa e Resilienza (PNRR)&nbsp;</strong><a href="https://italiadomani.gov.it/it/home.html"><strong>Italia Domani</strong></a>, approvato dalla Commissione europea il 22 aprile 2021,&nbsp;si inserisce all’interno del programma&nbsp;<strong>Next Generation EU (NGEU)</strong>, il pacchetto da 750 miliardi di euro concordato dall’Unione Europea in risposta alla crisi pandemica, e prevede investimenti pari a&nbsp;<strong>194,4 miliardi di euro</strong>, finanziati attraverso il Dispositivo per la Ripresa e la Resilienza.</p>



<p>A questi si affiancano ulteriori&nbsp;<strong>30,6 miliardi di euro</strong>&nbsp;del&nbsp;<a href="https://www.governo.it/it/approfondimento/sinergia-tra-pnrr-e-fondo-complementare/16699">Fondo Complementare</a>, finanziato attraverso lo scostamento pluriennale di bilancio approvato il 15 aprile 2021, per la copertura finanziaria di un Piano nazionale di investimento di quei progetti coerenti con le strategie del PNRR.</p>



<p>Il Piano, che si sviluppa in&nbsp;<a href="https://www.governo.it/it/approfondimento/le-missioni-e-le-componenti-del-pnrr/16700">sei Missioni</a>, ha&nbsp;<strong>tre obiettivi principali</strong>. Il primo, con un orizzonte temporale ravvicinato, risiede nel riparare i danni economici e sociali causati della crisi pandemica. Con una prospettiva più di medio-lungo termine, il Piano affronta alcune debolezze che affliggono la nostra economia e la nostra società da decenni: i perduranti divari territoriali, le disparità di genere, la debole crescita della produttività e il basso investimento in capitale umano e fisico. Infine, le risorse del Piano contribuiscono a dare impulso a una compiuta transizione ecologica.</p>



<p>Il PNRR quindi non è soltanto un programma di investimento tradizionale ma è pensato come un&nbsp;<strong>vero e proprio progetto trasformativo</strong>, nel quale gli stanziamenti di risorse sono accompagnati da un corposo pacchetto di&nbsp;<strong>riforme&nbsp;</strong>necessarie per superare le storiche barriere che hanno frenato lo sviluppo degli investimenti pubblici e privati negli scorsi decenni e le debolezze strutturali che hanno per lungo tempo rallentato la crescita e determinato livelli occupazionali insoddisfacenti, soprattutto per i giovani e le donne.</p>



<p>Il PNRR aiuterà a sostenere la ripresa dell’economia, dando impulso al rimbalzo nella crescita del PIL, e contribuendo a mantenere elevata la dinamica del reddito negli anni successivi. Inoltre, il PNRR aumenterà la crescita potenziale e la produttività attraverso l’innovazione, la digitalizzazione e gli investimenti nel capitale umano<a href="#_ftn1" id="_ftnref1">[1]</a>.</p>



<hr class="wp-block-separator has-alpha-channel-opacity"/>



<p><a href="#_ftnref1" id="_ftn1">[1]</a> Fonte: Presidenza del Consilio dei Ministri &#8211; https://www.governo.it/it/approfondimento/pnrr-gli-obiettivi-e-la-struttura/16702</p>



<p><a rel="noreferrer noopener" href="https://www.italiadomani.gov.it/it/home.html" target="_blank">Scopri di più sul PNRR</a></p>



<figure class="wp-block-image size-full"><img loading="lazy" decoding="async" width="417" height="100" src="https://arvier.eu/wp-content/uploads/2024/09/logo-orizzontale-finanziato-ue.png.webp" alt="" class="wp-image-11174" srcset="https://arvier.eu/wp-content/uploads/2024/09/logo-orizzontale-finanziato-ue.png.webp 417w, https://arvier.eu/wp-content/uploads/2024/09/logo-orizzontale-finanziato-ue.png-300x72.webp 300w" sizes="auto, (max-width: 417px) 100vw, 417px" /></figure>



<h2 class="wp-block-heading">Progetti finanziati dal PNRR</h2>



<p><strong>M1 Digitalizzazione, innovazione, competitività, cultura e turismo</strong><br>Componente 3 &#8211; Turismo e Cultura 4.0<br>Misura 2 &#8211; Investimento 2.1 ‘Attrattività dei Borghi – Linea A’ – Progetto ‘Agile Arvier. La cultura del cambiamento’ (CUP F87B22000380001) per un valore finanziato pari a 20.000.000 euro</p>



<div class="wp-block-cover is-light" style="min-height:279px;aspect-ratio:unset;"><span aria-hidden="true" class="wp-block-cover__background has-background-dim" style="background-color:#cccccc"></span><img loading="lazy" decoding="async" width="373" height="373" class="wp-block-cover__image-background wp-image-11222" alt="" src="https://arvier.eu/wp-content/uploads/2024/09/Clicca-qui-1.png" data-object-fit="cover" srcset="https://arvier.eu/wp-content/uploads/2024/09/Clicca-qui-1.png 373w, https://arvier.eu/wp-content/uploads/2024/09/Clicca-qui-1-300x300.png 300w, https://arvier.eu/wp-content/uploads/2024/09/Clicca-qui-1-150x150.png 150w, https://arvier.eu/wp-content/uploads/2024/09/Clicca-qui-1-80x80.png 80w" sizes="auto, (max-width: 373px) 100vw, 373px" /><div class="wp-block-cover__inner-container is-layout-flow wp-block-cover-is-layout-flow">
<p class="has-text-align-center has-large-font-size"><a href="https://arvier.eu/attuazione-misure-pnrr/il-progetto-agile-arvier-la-cultura-del-cambiamento/">Fai clic qui per scoprire ulteriori informazioni.</a></p>
</div></div>



<p>Al 30 giugno 2024, le risorse complessivamente impegnate/prenotate ammontano a euro 5.995.484,40 mentre i pagamenti si attestano a euro 407.439,92<a href="#_ftn1" id="_ftnref1">[1]</a>.</p>



<p>Alla data di aggiornamento del portale lo stato progettuale degli interventi è così definito:</p>



<ul class="wp-block-list">
<li><strong>1 intervento in esecuzione</strong></li>
</ul>



<hr class="wp-block-separator has-alpha-channel-opacity"/>



<p><a href="#_ftnref1" id="_ftn1">[1]</a> Tale importo non considera le spese sostenute dai soggetti realizzatori esterni pubblici o assimilati di diritto pubblico per i quali vengono contabilizzati, a livello di bilancio, i soli ‘trasferimenti’ effettuati a titolo di anticipazione/rimborso.</p>



<p><strong>Mappa dei luoghi coinvolti dai progetti finanziati</strong></p>



<iframe loading="lazy" src="https://www.google.com/maps/d/embed?mid=114gvl_g1SSPVdRchcRrRv4NG87C4RYc&#038;ehbc=2E312F" width="640" height="480"></iframe>
