{"id":11477,"date":"2024-09-20T12:08:35","date_gmt":"2024-09-20T10:08:35","guid":{"rendered":"https:\/\/arvier.eu\/?page_id=11477"},"modified":"2025-05-19T12:33:55","modified_gmt":"2025-05-19T10:33:55","slug":"governance-del-progetto-agile-arvier","status":"publish","type":"page","link":"https:\/\/arvier.eu\/fr\/attuazione-misure-pnrr\/il-progetto-agile-arvier-la-cultura-del-cambiamento\/governance-del-progetto-agile-arvier\/","title":{"rendered":"Governance del Progetto Agile Arvier"},"content":{"rendered":"\n<h2 class=\"wp-block-heading\"><strong>Introduzione alla Governance<\/strong><\/h2>\n\n\n\n<p>Il progetto <strong>Agile Arvier &#8211; La cultura del cambiamento<\/strong> \u00e8 uno dei 21 progetti pilota finanziati dall\u2019Unione Europea nell&rsquo;ambito del Piano Nazionale di Ripresa e Resilienza (PNRR), con l&rsquo;obiettivo di rigenerare i borghi a rischio di abbandono, promuovendo una cultura del cambiamento agile. Il Comune di Arvier, in qualit\u00e0 di soggetto attuatore, ha la responsabilit\u00e0 di guidare il progetto, con il supporto del Ministero della Cultura e della Regione Autonoma Valle d\u2019Aosta. Questo progetto mira a conservare e valorizzare il patrimonio culturale, sociale ed economico del Comune, contrastando lo spopolamento e favorendo lo sviluppo locale costruendo un contesto dove, anche grazie alla ricerca scientifica, si crei una comunit\u00e0 consapevole delle sfide future sociali, economiche e ambientali proiettando il Comune di Arvier nel pi\u00f9 ampio contesto di EUSALP.<\/p>\n\n\n\n<p>Per raggiungere tali obiettivi, \u00e8 stata adottato, con deliberazione di Giunta comunale n. 70, del 18\/09\/2024, il modello di governance del Progetto e istituito, contestualmente, il Gruppo per l&rsquo;attuazione di Agile Arvier.<\/p>\n\n\n\n<div class=\"wp-block-file\"><a id=\"wp-block-file--media-a70695e5-f305-4083-9c6f-b7af38fdbdc5\" href=\"https:\/\/arvier.eu\/wp-content\/uploads\/2024\/09\/dlg_00070_18-09-2024.pdf\">Deliberazione di Giunta comunale n. 70 del 18-09-2024<\/a><a href=\"https:\/\/arvier.eu\/wp-content\/uploads\/2024\/09\/dlg_00070_18-09-2024.pdf\" class=\"wp-block-file__button wp-element-button\" download aria-describedby=\"wp-block-file--media-a70695e5-f305-4083-9c6f-b7af38fdbdc5\">Download<\/a><\/div>\n\n\n\n<div class=\"wp-block-file\"><a id=\"wp-block-file--media-5a159315-c07b-4a24-b5aa-37c409525454\" href=\"https:\/\/arvier.eu\/wp-content\/uploads\/2024\/09\/Allegato_Proposta-modello-Governance-Progetto-pilota-Agile-Arvier-1.pdf\">Allegato_Proposta modello Governance Progetto pilota Agile Arvier<\/a><a href=\"https:\/\/arvier.eu\/wp-content\/uploads\/2024\/09\/Allegato_Proposta-modello-Governance-Progetto-pilota-Agile-Arvier-1.pdf\" class=\"wp-block-file__button wp-element-button\" download aria-describedby=\"wp-block-file--media-5a159315-c07b-4a24-b5aa-37c409525454\">Download<\/a><\/div>\n\n\n\n<p>La governance \u00e8 la struttura di processi e relazioni attraverso cui il progetto \u00ab\u00a0Agile Arvier\u00a0\u00bb viene diretto e gestito. Essa definisce i ruoli, le responsabilit\u00e0 e le modalit\u00e0 di interazione tra i diversi attori coinvolti, garantendo che le decisioni siano prese in modo trasparente, partecipato ed efficace. Una solida governance \u00e8 fondamentale per assicurare il successo del progetto, il raggiungimento degli obiettivi prefissati e la creazione di un impatto positivo e duraturo sul territorio.<\/p>\n\n\n\n<p>Per garantire il necessario supporto al Comune per la gestione del progetto, \u00e8 stata istituita &#8211; con deliberazione di Giunta comunale n. 67 del 22 novembre 2023, la <strong>Struttura Temporanea di Progetto PNRR Agile Arvier<\/strong>, che coordina l&rsquo;attuazione di tutte le attivit\u00e0 progettuali e ne assume la responsabilit\u00e0 nella gestione. Con tale deliberazione sono state, altres\u00ec, approvate la scheda delle &lsquo;competenze&rsquo; assegnate alla Struttura e l&rsquo;aggiornamento dell&rsquo;organigramma dell&rsquo;ente.<\/p>\n\n\n\n<div class=\"wp-block-group\"><div class=\"wp-block-group__inner-container is-layout-constrained wp-block-group-is-layout-constrained\">\n<div class=\"wp-block-file\"><a id=\"wp-block-file--media-d57536cb-e762-461c-b13b-26a40dabf029\" href=\"https:\/\/arvier.eu\/wp-content\/uploads\/2024\/09\/dlg_00067_22-11-2023.pdf\">dlg_00067_22-11-2023<\/a><a href=\"https:\/\/arvier.eu\/wp-content\/uploads\/2024\/09\/dlg_00067_22-11-2023.pdf\" class=\"wp-block-file__button wp-element-button\" download aria-describedby=\"wp-block-file--media-d57536cb-e762-461c-b13b-26a40dabf029\">Download<\/a><\/div>\n<\/div><\/div>\n\n\n\n<div class=\"wp-block-file\"><a id=\"wp-block-file--media-ff7c8f4a-9250-4037-af40-9c5fcb17631b\" href=\"https:\/\/arvier.eu\/wp-content\/uploads\/2024\/09\/Allegato-1-Scheda-competenze-struttura.pdf\">Allegato 1 &#8211; Scheda competenze struttura<\/a><a href=\"https:\/\/arvier.eu\/wp-content\/uploads\/2024\/09\/Allegato-1-Scheda-competenze-struttura.pdf\" class=\"wp-block-file__button wp-element-button\" download aria-describedby=\"wp-block-file--media-ff7c8f4a-9250-4037-af40-9c5fcb17631b\">Download<\/a><\/div>\n\n\n\n<div class=\"wp-block-file\"><a id=\"wp-block-file--media-dfd467fb-9769-4818-ae5d-455be797884a\" href=\"https:\/\/arvier.eu\/wp-content\/uploads\/2024\/09\/Allegato-2-OrganigrammaFunzionigrammaDotazioneorganica-Estratto.pdf\">Allegato 2 &#8211; Organigramma+Funzionigramma+Dotazioneorganica-Estratto<\/a><a href=\"https:\/\/arvier.eu\/wp-content\/uploads\/2024\/09\/Allegato-2-OrganigrammaFunzionigrammaDotazioneorganica-Estratto.pdf\" class=\"wp-block-file__button wp-element-button\" download aria-describedby=\"wp-block-file--media-dfd467fb-9769-4818-ae5d-455be797884a\">Download<\/a><\/div>\n\n\n\n<h2 class=\"wp-block-heading\"><strong>Modello di governance di Agile Arvier<\/strong><\/h2>\n\n\n\n<figure class=\"wp-block-image size-full is-resized\"><img loading=\"lazy\" decoding=\"async\" width=\"1809\" height=\"1055\" src=\"https:\/\/arvier.eu\/wp-content\/uploads\/2024\/09\/Governance.jpg\" alt=\"\" class=\"wp-image-11479\" style=\"width:622px;height:auto\" srcset=\"https:\/\/arvier.eu\/wp-content\/uploads\/2024\/09\/Governance.jpg 1809w, https:\/\/arvier.eu\/wp-content\/uploads\/2024\/09\/Governance-300x175.jpg 300w, https:\/\/arvier.eu\/wp-content\/uploads\/2024\/09\/Governance-1024x597.jpg 1024w, https:\/\/arvier.eu\/wp-content\/uploads\/2024\/09\/Governance-768x448.jpg 768w, https:\/\/arvier.eu\/wp-content\/uploads\/2024\/09\/Governance-1536x896.jpg 1536w\" sizes=\"auto, (max-width: 1809px) 100vw, 1809px\" \/><\/figure>\n\n\n\n<p>Il progetto ha adottato un modello di governance a tre livelli, ispirato al modello nazionale per il PNRR:<\/p>\n\n\n\n<ul class=\"wp-block-list\">\n<li><strong>Indirizzo:<\/strong> Il Sindaco, la Giunta e il Consiglio Comunale definiscono le linee strategiche, approvano i piani e le modifiche al progetto e assicurano che gli obiettivi siano coerenti con le esigenze della comunit\u00e0.<\/li>\n\n\n\n<li><strong>Attuazione e Monitoraggio:<\/strong> La Struttura Temporanea di Progetto PNRR Agile Arvier, in collaborazione con il Gruppo per l&rsquo;Attuazione di Agile Arvier (GAAA), \u00e8 responsabile dell&rsquo;attuazione operativa del progetto, del monitoraggio costante dei progressi e della gestione delle risorse.<\/li>\n\n\n\n<li><strong>Realizzazione degli Interventi:<\/strong> I Responsabili Unici di Progetto (RUP) e i Soggetti realizzatori individuati sono incaricati della realizzazione concreta degli interventi previsti dal progetto, nel rispetto della normativa vigente.<\/li>\n<\/ul>\n\n\n\n<p>Le funzioni di &lsquo;sorveglianza&rsquo; sono garantite dal Ministero della Cultura, quale Amministrazione titolare, e la Regione Autonoma Valle d&rsquo;Aosta quale Amministrazione responsabile. La governance adottata per &lsquo;Agile Arvier&rsquo; considera, pertanto, i rispettivi livelli di responsabilit\u00e0 e li inserisce al suo interno in modo organico.<\/p>\n\n\n\n<figure class=\"wp-block-image size-large is-resized\"><img loading=\"lazy\" decoding=\"async\" width=\"1024\" height=\"573\" src=\"https:\/\/arvier.eu\/wp-content\/uploads\/2024\/09\/image-1-1024x573.png\" alt=\"\" class=\"wp-image-11491\" style=\"width:827px;height:auto\" srcset=\"https:\/\/arvier.eu\/wp-content\/uploads\/2024\/09\/image-1-1024x573.png 1024w, https:\/\/arvier.eu\/wp-content\/uploads\/2024\/09\/image-1-300x168.png 300w, https:\/\/arvier.eu\/wp-content\/uploads\/2024\/09\/image-1-768x430.png 768w, https:\/\/arvier.eu\/wp-content\/uploads\/2024\/09\/image-1-1536x860.png 1536w, https:\/\/arvier.eu\/wp-content\/uploads\/2024\/09\/image-1.png 1894w\" sizes=\"auto, (max-width: 1024px) 100vw, 1024px\" \/><\/figure>\n\n\n\n<p>Per scoprire di pi\u00f9 sulla Governance regionale del PNRR \u00e8 possibile accedere alle pagine dedicate: <a href=\"https:\/\/pnrr.regione.vda.it\/pnrr-vda\/governance-regionale-per-il-pnrr\">Governance regionale (regione.vda.it)<\/a><\/p>\n\n\n\n<h2 class=\"wp-block-heading\"><strong>Il Gruppo per l&rsquo;Attuazione di Agile Arvier (GAAA)<\/strong><\/h2>\n\n\n\n<p>Il GAAA \u00e8 un gruppo di lavoro interno al Comune, composto da figure apicali dell&rsquo;amministrazione, che assicura il monitoraggio continuo dell&rsquo;attuazione del progetto, la risoluzione tempestiva delle criticit\u00e0 e il corretto funzionamento dei controlli interni. Il GAAA rappresenta un modello organizzativo innovativo, che favorisce la collaborazione trasversale tra i diversi uffici e promuove un approccio integrato alla gestione del progetto.<\/p>\n\n\n\n<h2 class=\"wp-block-heading\"><strong>Comunicazione e Trasparenza<\/strong><\/h2>\n\n\n\n<p>La trasparenza \u00e8 uno degli elementi chiave per il successo del progetto Agile Arvier. Il Comune di Arvier si impegna a mantenere una comunicazione costante e aperta con la comunit\u00e0, utilizzando vari strumenti:<\/p>\n\n\n\n<ul class=\"wp-block-list\">\n<li><strong>Sezione PNRR<\/strong> sul sito web istituzionale del Comune, aggiornata regolarmente con le ultime novit\u00e0 e i progressi del progetto.<\/li>\n\n\n\n<li><strong>Portale Agilearvier.eu<\/strong>, una piattaforma dedicata che verr\u00e0 lanciata nel 2025, con informazioni dettagliate e contenuti specifici sui risultati raggiunti e le sfide future.<\/li>\n\n\n\n<li><strong>Piattaforma di collaborazione Alfresco<\/strong>, gestita dal Soggetto attuatore e messa a disposizione dalla Regione Autonoma Valle d&rsquo;Aosta, per agevolare lo scambio di informazioni tra i partner del progetto.<\/li>\n<\/ul>\n\n\n\n<p>Questi strumenti permetteranno di mantenere un flusso di comunicazione continuo e trasparente con i cittadini, garantendo la partecipazione attiva di tutte le parti interessate.<\/p>\n\n\n\n<h2 class=\"wp-block-heading\"><strong>Monitoraggio e Trasparenza<\/strong><\/h2>\n\n\n\n<p>Il progetto Agile Arvier si impegna a garantire la massima trasparenza e un monitoraggio costante dei progressi compiuti. A tal fine, vengono utilizzati strumenti specifici, come la piattaforma nazionale ReGiS che consentono di registrare e monitorare sistematicamente i dati relativi all&rsquo;avanzamento, i cui dati saranno progressivamente resi accessibili alla comunit\u00e0 attraverso gli strumenti del portale e della Sezione PNRR.<\/p>\n\n\n\n<h2 class=\"wp-block-heading\"><strong>Prospettive future: Oltre il 2026<\/strong><\/h2>\n\n\n\n<p>Il modello di governance implementato per il progetto Agile Arvier non si esaurir\u00e0 con la fine del PNRR nel 2026. L&rsquo;intento del Comune di Arvier \u00e8 di consolidare questo approccio agile al cambiamento, rendendolo parte integrante della gestione del territorio anche in futuro.<\/p>\n\n\n\n<p>L&rsquo;esperienza acquisita, le strutture create e le sinergie sviluppate durante l&rsquo;attuazione del progetto rappresenteranno un patrimonio prezioso per Arvier, consentendo di affrontare le sfide future con strumenti e competenze adeguate e di proseguire nel percorso di crescita e innovazione intrapreso.<\/p>\n\n\n\n<p>__________<\/p>\n\n\n\n<p>Per ulteriori informazioni:<\/p>\n\n\n\n<p>Comune di Arvier<br>Struttura temporanea di Progetto PNRR Agile Arvier<br>Dirigente responsabile &#8211; Dott. Gianluca Tripodi<br>Tel. +39 0165 929001<br>E-mail g.tripodi@comune.arvier.ao.it<\/p>\n\n\n\n<figure class=\"wp-block-image size-full\"><img loading=\"lazy\" decoding=\"async\" width=\"607\" height=\"56\" src=\"https:\/\/arvier.eu\/wp-content\/uploads\/2024\/09\/image-2.png\" alt=\"\" class=\"wp-image-11495\" srcset=\"https:\/\/arvier.eu\/wp-content\/uploads\/2024\/09\/image-2.png 607w, https:\/\/arvier.eu\/wp-content\/uploads\/2024\/09\/image-2-300x28.png 300w\" sizes=\"auto, (max-width: 607px) 100vw, 607px\" \/><\/figure>\n","protected":false},"excerpt":{"rendered":"<p>Introduzione alla Governance Il progetto Agile Arvier &#8211; La cultura del cambiamento \u00e8 uno dei 21 progetti pilota finanziati dall\u2019Unione Europea nell&rsquo;ambito del Piano Nazionale di Ripresa e Resilienza (PNRR), con l&rsquo;obiettivo di rigenerare i borghi a rischio di abbandono, promuovendo una cultura del cambiamento agile.<\/p>\n","protected":false},"author":11,"featured_media":0,"parent":11178,"menu_order":14,"comment_status":"closed","ping_status":"closed","template":"","meta":{"footnotes":""},"tags":[],"class_list":["post-11477","page","type-page","status-publish","hentry"],"publishpress_future_action":{"enabled":false,"date":"2026-05-08 01:33:11","action":"change-status","newStatus":"draft","terms":[],"taxonomy":"post_tag","extraData":[]},"publishpress_future_workflow_manual_trigger":{"enabledWorkflows":[]},"_links":{"self":[{"href":"https:\/\/arvier.eu\/fr\/wp-json\/wp\/v2\/pages\/11477","targetHints":{"allow":["GET"]}}],"collection":[{"href":"https:\/\/arvier.eu\/fr\/wp-json\/wp\/v2\/pages"}],"about":[{"href":"https:\/\/arvier.eu\/fr\/wp-json\/wp\/v2\/types\/page"}],"author":[{"embeddable":true,"href":"https:\/\/arvier.eu\/fr\/wp-json\/wp\/v2\/users\/11"}],"replies":[{"embeddable":true,"href":"https:\/\/arvier.eu\/fr\/wp-json\/wp\/v2\/comments?post=11477"}],"version-history":[{"count":0,"href":"https:\/\/arvier.eu\/fr\/wp-json\/wp\/v2\/pages\/11477\/revisions"}],"up":[{"embeddable":true,"href":"https:\/\/arvier.eu\/fr\/wp-json\/wp\/v2\/pages\/11178"}],"wp:attachment":[{"href":"https:\/\/arvier.eu\/fr\/wp-json\/wp\/v2\/media?parent=11477"}],"wp:term":[{"taxonomy":"post_tag","embeddable":true,"href":"https:\/\/arvier.eu\/fr\/wp-json\/wp\/v2\/tags?post=11477"}],"curies":[{"name":"wp","href":"https:\/\/api.w.org\/{rel}","templated":true}]}}

<h2 class="wp-block-heading"><strong>Introduzione alla Governance</strong></h2>



<p>Il progetto <strong>Agile Arvier &#8211; La cultura del cambiamento</strong> è uno dei 21 progetti pilota finanziati dall’Unione Europea nell&rsquo;ambito del Piano Nazionale di Ripresa e Resilienza (PNRR), con l&rsquo;obiettivo di rigenerare i borghi a rischio di abbandono, promuovendo una cultura del cambiamento agile. Il Comune di Arvier, in qualità di soggetto attuatore, ha la responsabilità di guidare il progetto, con il supporto del Ministero della Cultura e della Regione Autonoma Valle d’Aosta. Questo progetto mira a conservare e valorizzare il patrimonio culturale, sociale ed economico del Comune, contrastando lo spopolamento e favorendo lo sviluppo locale costruendo un contesto dove, anche grazie alla ricerca scientifica, si crei una comunità consapevole delle sfide future sociali, economiche e ambientali proiettando il Comune di Arvier nel più ampio contesto di EUSALP.</p>



<p>Per raggiungere tali obiettivi, è stata adottato, con deliberazione di Giunta comunale n. 70, del 18/09/2024, il modello di governance del Progetto e istituito, contestualmente, il Gruppo per l&rsquo;attuazione di Agile Arvier.</p>



<div class="wp-block-file"><a id="wp-block-file--media-a70695e5-f305-4083-9c6f-b7af38fdbdc5" href="https://arvier.eu/wp-content/uploads/2024/09/dlg_00070_18-09-2024.pdf">Deliberazione di Giunta comunale n. 70 del 18-09-2024</a><a href="https://arvier.eu/wp-content/uploads/2024/09/dlg_00070_18-09-2024.pdf" class="wp-block-file__button wp-element-button" download aria-describedby="wp-block-file--media-a70695e5-f305-4083-9c6f-b7af38fdbdc5">Download</a></div>



<div class="wp-block-file"><a id="wp-block-file--media-5a159315-c07b-4a24-b5aa-37c409525454" href="https://arvier.eu/wp-content/uploads/2024/09/Allegato_Proposta-modello-Governance-Progetto-pilota-Agile-Arvier-1.pdf">Allegato_Proposta modello Governance Progetto pilota Agile Arvier</a><a href="https://arvier.eu/wp-content/uploads/2024/09/Allegato_Proposta-modello-Governance-Progetto-pilota-Agile-Arvier-1.pdf" class="wp-block-file__button wp-element-button" download aria-describedby="wp-block-file--media-5a159315-c07b-4a24-b5aa-37c409525454">Download</a></div>



<p>La governance è la struttura di processi e relazioni attraverso cui il progetto « Agile Arvier » viene diretto e gestito. Essa definisce i ruoli, le responsabilità e le modalità di interazione tra i diversi attori coinvolti, garantendo che le decisioni siano prese in modo trasparente, partecipato ed efficace. Una solida governance è fondamentale per assicurare il successo del progetto, il raggiungimento degli obiettivi prefissati e la creazione di un impatto positivo e duraturo sul territorio.</p>



<p>Per garantire il necessario supporto al Comune per la gestione del progetto, è stata istituita &#8211; con deliberazione di Giunta comunale n. 67 del 22 novembre 2023, la <strong>Struttura Temporanea di Progetto PNRR Agile Arvier</strong>, che coordina l&rsquo;attuazione di tutte le attività progettuali e ne assume la responsabilità nella gestione. Con tale deliberazione sono state, altresì, approvate la scheda delle &lsquo;competenze&rsquo; assegnate alla Struttura e l&rsquo;aggiornamento dell&rsquo;organigramma dell&rsquo;ente.</p>



<div class="wp-block-group"><div class="wp-block-group__inner-container is-layout-constrained wp-block-group-is-layout-constrained">
<div class="wp-block-file"><a id="wp-block-file--media-d57536cb-e762-461c-b13b-26a40dabf029" href="https://arvier.eu/wp-content/uploads/2024/09/dlg_00067_22-11-2023.pdf">dlg_00067_22-11-2023</a><a href="https://arvier.eu/wp-content/uploads/2024/09/dlg_00067_22-11-2023.pdf" class="wp-block-file__button wp-element-button" download aria-describedby="wp-block-file--media-d57536cb-e762-461c-b13b-26a40dabf029">Download</a></div>
</div></div>



<div class="wp-block-file"><a id="wp-block-file--media-ff7c8f4a-9250-4037-af40-9c5fcb17631b" href="https://arvier.eu/wp-content/uploads/2024/09/Allegato-1-Scheda-competenze-struttura.pdf">Allegato 1 &#8211; Scheda competenze struttura</a><a href="https://arvier.eu/wp-content/uploads/2024/09/Allegato-1-Scheda-competenze-struttura.pdf" class="wp-block-file__button wp-element-button" download aria-describedby="wp-block-file--media-ff7c8f4a-9250-4037-af40-9c5fcb17631b">Download</a></div>



<div class="wp-block-file"><a id="wp-block-file--media-dfd467fb-9769-4818-ae5d-455be797884a" href="https://arvier.eu/wp-content/uploads/2024/09/Allegato-2-OrganigrammaFunzionigrammaDotazioneorganica-Estratto.pdf">Allegato 2 &#8211; Organigramma+Funzionigramma+Dotazioneorganica-Estratto</a><a href="https://arvier.eu/wp-content/uploads/2024/09/Allegato-2-OrganigrammaFunzionigrammaDotazioneorganica-Estratto.pdf" class="wp-block-file__button wp-element-button" download aria-describedby="wp-block-file--media-dfd467fb-9769-4818-ae5d-455be797884a">Download</a></div>



<h2 class="wp-block-heading"><strong>Modello di governance di Agile Arvier</strong></h2>



<figure class="wp-block-image size-full is-resized"><img loading="lazy" decoding="async" width="1809" height="1055" src="https://arvier.eu/wp-content/uploads/2024/09/Governance.jpg" alt="" class="wp-image-11479" style="width:622px;height:auto" srcset="https://arvier.eu/wp-content/uploads/2024/09/Governance.jpg 1809w, https://arvier.eu/wp-content/uploads/2024/09/Governance-300x175.jpg 300w, https://arvier.eu/wp-content/uploads/2024/09/Governance-1024x597.jpg 1024w, https://arvier.eu/wp-content/uploads/2024/09/Governance-768x448.jpg 768w, https://arvier.eu/wp-content/uploads/2024/09/Governance-1536x896.jpg 1536w" sizes="auto, (max-width: 1809px) 100vw, 1809px" /></figure>



<p>Il progetto ha adottato un modello di governance a tre livelli, ispirato al modello nazionale per il PNRR:</p>



<ul class="wp-block-list">
<li><strong>Indirizzo:</strong> Il Sindaco, la Giunta e il Consiglio Comunale definiscono le linee strategiche, approvano i piani e le modifiche al progetto e assicurano che gli obiettivi siano coerenti con le esigenze della comunità.</li>



<li><strong>Attuazione e Monitoraggio:</strong> La Struttura Temporanea di Progetto PNRR Agile Arvier, in collaborazione con il Gruppo per l&rsquo;Attuazione di Agile Arvier (GAAA), è responsabile dell&rsquo;attuazione operativa del progetto, del monitoraggio costante dei progressi e della gestione delle risorse.</li>



<li><strong>Realizzazione degli Interventi:</strong> I Responsabili Unici di Progetto (RUP) e i Soggetti realizzatori individuati sono incaricati della realizzazione concreta degli interventi previsti dal progetto, nel rispetto della normativa vigente.</li>
</ul>



<p>Le funzioni di &lsquo;sorveglianza&rsquo; sono garantite dal Ministero della Cultura, quale Amministrazione titolare, e la Regione Autonoma Valle d&rsquo;Aosta quale Amministrazione responsabile. La governance adottata per &lsquo;Agile Arvier&rsquo; considera, pertanto, i rispettivi livelli di responsabilità e li inserisce al suo interno in modo organico.</p>



<figure class="wp-block-image size-large is-resized"><img loading="lazy" decoding="async" width="1024" height="573" src="https://arvier.eu/wp-content/uploads/2024/09/image-1-1024x573.png" alt="" class="wp-image-11491" style="width:827px;height:auto" srcset="https://arvier.eu/wp-content/uploads/2024/09/image-1-1024x573.png 1024w, https://arvier.eu/wp-content/uploads/2024/09/image-1-300x168.png 300w, https://arvier.eu/wp-content/uploads/2024/09/image-1-768x430.png 768w, https://arvier.eu/wp-content/uploads/2024/09/image-1-1536x860.png 1536w, https://arvier.eu/wp-content/uploads/2024/09/image-1.png 1894w" sizes="auto, (max-width: 1024px) 100vw, 1024px" /></figure>



<p>Per scoprire di più sulla Governance regionale del PNRR è possibile accedere alle pagine dedicate: <a href="https://pnrr.regione.vda.it/pnrr-vda/governance-regionale-per-il-pnrr">Governance regionale (regione.vda.it)</a></p>



<h2 class="wp-block-heading"><strong>Il Gruppo per l&rsquo;Attuazione di Agile Arvier (GAAA)</strong></h2>



<p>Il GAAA è un gruppo di lavoro interno al Comune, composto da figure apicali dell&rsquo;amministrazione, che assicura il monitoraggio continuo dell&rsquo;attuazione del progetto, la risoluzione tempestiva delle criticità e il corretto funzionamento dei controlli interni. Il GAAA rappresenta un modello organizzativo innovativo, che favorisce la collaborazione trasversale tra i diversi uffici e promuove un approccio integrato alla gestione del progetto.</p>



<h2 class="wp-block-heading"><strong>Comunicazione e Trasparenza</strong></h2>



<p>La trasparenza è uno degli elementi chiave per il successo del progetto Agile Arvier. Il Comune di Arvier si impegna a mantenere una comunicazione costante e aperta con la comunità, utilizzando vari strumenti:</p>



<ul class="wp-block-list">
<li><strong>Sezione PNRR</strong> sul sito web istituzionale del Comune, aggiornata regolarmente con le ultime novità e i progressi del progetto.</li>



<li><strong>Portale Agilearvier.eu</strong>, una piattaforma dedicata che verrà lanciata nel 2025, con informazioni dettagliate e contenuti specifici sui risultati raggiunti e le sfide future.</li>



<li><strong>Piattaforma di collaborazione Alfresco</strong>, gestita dal Soggetto attuatore e messa a disposizione dalla Regione Autonoma Valle d&rsquo;Aosta, per agevolare lo scambio di informazioni tra i partner del progetto.</li>
</ul>



<p>Questi strumenti permetteranno di mantenere un flusso di comunicazione continuo e trasparente con i cittadini, garantendo la partecipazione attiva di tutte le parti interessate.</p>



<h2 class="wp-block-heading"><strong>Monitoraggio e Trasparenza</strong></h2>



<p>Il progetto Agile Arvier si impegna a garantire la massima trasparenza e un monitoraggio costante dei progressi compiuti. A tal fine, vengono utilizzati strumenti specifici, come la piattaforma nazionale ReGiS che consentono di registrare e monitorare sistematicamente i dati relativi all&rsquo;avanzamento, i cui dati saranno progressivamente resi accessibili alla comunità attraverso gli strumenti del portale e della Sezione PNRR.</p>



<h2 class="wp-block-heading"><strong>Prospettive future: Oltre il 2026</strong></h2>



<p>Il modello di governance implementato per il progetto Agile Arvier non si esaurirà con la fine del PNRR nel 2026. L&rsquo;intento del Comune di Arvier è di consolidare questo approccio agile al cambiamento, rendendolo parte integrante della gestione del territorio anche in futuro.</p>



<p>L&rsquo;esperienza acquisita, le strutture create e le sinergie sviluppate durante l&rsquo;attuazione del progetto rappresenteranno un patrimonio prezioso per Arvier, consentendo di affrontare le sfide future con strumenti e competenze adeguate e di proseguire nel percorso di crescita e innovazione intrapreso.</p>



<p>__________</p>



<p>Per ulteriori informazioni:</p>



<p>Comune di Arvier<br>Struttura temporanea di Progetto PNRR Agile Arvier<br>Dirigente responsabile &#8211; Dott. Gianluca Tripodi<br>Tel. +39 0165 929001<br>E-mail g.tripodi@comune.arvier.ao.it</p>



<figure class="wp-block-image size-full"><img loading="lazy" decoding="async" width="607" height="56" src="https://arvier.eu/wp-content/uploads/2024/09/image-2.png" alt="" class="wp-image-11495" srcset="https://arvier.eu/wp-content/uploads/2024/09/image-2.png 607w, https://arvier.eu/wp-content/uploads/2024/09/image-2-300x28.png 300w" sizes="auto, (max-width: 607px) 100vw, 607px" /></figure>

<p>Introduzione alla Governance Il progetto Agile Arvier &#8211; La cultura del cambiamento è uno dei 21 progetti pilota finanziati dall’Unione Europea nell&rsquo;ambito del Piano Nazionale di Ripresa e Resilienza (PNRR), con l&rsquo;obiettivo di rigenerare i borghi a rischio di abbandono, promuovendo una cultura del cambiamento agile.</p>
