{"id":7225,"date":"2012-05-19T11:51:06","date_gmt":"2012-05-19T09:51:06","guid":{"rendered":"https:\/\/arvier.eu\/escursioni-e-sport\/arrampicata\/"},"modified":"2022-03-03T12:58:05","modified_gmt":"2022-03-03T11:58:05","slug":"arrampicata","status":"publish","type":"page","link":"https:\/\/arvier.eu\/fr\/territorio\/escursioni-e-sport\/arrampicata\/","title":{"rendered":"Escalade libre"},"content":{"rendered":"<table border=\"0\" align=\"center\">\n<tbody>\n<tr>\n<td><a href=\"https:\/\/arvier.eu\/wp-content\/uploads\/2012\/05\/Leverogne_H.JPG\"><img loading=\"lazy\" decoding=\"async\" class=\" size-full wp-image-632\" title=\"Foto Dujany Andr\u00e9\" src=\"https:\/\/arvier.eu\/wp-content\/uploads\/2012\/05\/Leverogne_b.jpg\" alt=\"Leverogne b\" width=\"300\" height=\"400\" \/><\/a><\/td>\n<td><a href=\"https:\/\/arvier.eu\/wp-content\/uploads\/2012\/05\/Leverogne_2H.JPG\"><img loading=\"lazy\" decoding=\"async\" class=\" size-full wp-image-635\" title=\"Foto Dujany Andr\u00e9\" src=\"https:\/\/arvier.eu\/wp-content\/uploads\/2012\/05\/Leverogne_2b.jpg\" alt=\"Leverogne 2b\" width=\"300\" height=\"400\" \/><\/a><\/td>\n<\/tr>\n<\/tbody>\n<\/table>\n<p style=\"text-align: center;\"><strong>Les voies d\u2019escalade \u00e9tant trac\u00e9es sur des propri\u00e9t\u00e9s priv\u00e9es, <\/strong><strong>la commune d\u2019Arvier pr\u00e9cise que les donn\u00e9es suivantes<\/strong><br \/>\n<strong>ont un caract\u00e8re purement informatif <\/strong><strong>et d\u00e9cline toute responsabilit\u00e9 quant \u00e0 l\u2019\u00e9tat desdites voies.<\/strong><\/p>\n<p><strong>\u00a0<\/strong><\/p>\n<h1><strong>LEVEROGNE &#8211; 770 m<br \/>\n<\/strong><\/h1>\n<p><strong>Acc\u00e8s :<br \/>\n<\/strong><strong>Leverogne:<\/strong>\u00a0quittez l\u2019autoroute A5 \u00e0 la sortie \u00ab Aoste Ouest \u00bb et prenez la route nationale, direction Courmayeur, jusqu\u2019\u00e0 Arvier. Passez le rond-point et poursuivez jusqu\u2019\u00e0 la bifurcation pour Leverogne et Valgrisenche avant le tunnel , tournez \u00e0 gauche, la falaise se trouve juste au-dessus du tunnel.<\/p>\n<p><strong>Secteur Vampirella :<\/strong>\u00a0parcourez en voiture la route qui m\u00e8ne \u00e0 Valgrisenche et, apr\u00e8s le troisi\u00e8me virage, arr\u00eatez-vous sur l\u2019esplanade o\u00f9 est b\u00e2ti un chalet. Garez votre voiture et poursuivez \u00e0 pied (5 min) ; prenez le chemin qui part \u00e0 droite au-dessus du mur bordant la route et marchez jusqu\u2019\u00e0 un portail en bois : franchissez-le et 30 m\u00e8tres plus loin, vous \u00eates \u00e0 la base de la premi\u00e8re voie.<\/p>\n<p><strong>Description :<br \/>\n<\/strong>c\u2019est Andrea Plat qui a \u00e9quip\u00e9 la plupart des voies de ce secteur. Il est l\u2019un des pr\u00e9curseurs et des meilleurs repr\u00e9sentants de l\u2019escalade libre de la deuxi\u00e8me moiti\u00e9 des ann\u00e9es 1980, \u00e9poque o\u00f9 il passa au crible tous les coins de la vall\u00e9e pour trouver de nouveaux secteurs \u00e0 \u00e9quiper. Luca Ferraris, qui a \u00e9t\u00e9 le pr\u00e9sident de la soci\u00e9t\u00e9 d\u2019escalade pendant des ann\u00e9es et qui a organis\u00e9 plusieurs comp\u00e9titions, a aussi apport\u00e9 sa contribution \u00e0 la mise en place de ces voies. En 2000, Patrick Raspo a \u00e9quip\u00e9 quatre nouvelles voies puis, entre les ann\u00e9es 2003 et 2005, Carlo Rebecchi, Valerio Glarey, Stefano Zilio et Matteo Giglio en ont \u00e9quip\u00e9 d\u2019autres.<\/p>\n<p>C\u2019est sur cette falaise que le premier 8a de la Vall\u00e9e est n\u00e9 : il s\u2019agit de<em>\u00a0Vampirella<\/em>, que Stefano Finocchi, de Rome, a lib\u00e9r\u00e9e lorsqu\u2019il \u00e9tait \u00e0 Aoste pour son service militaire. Peu d\u2019ann\u00e9es apr\u00e8s, ce sont\u00a0<em>Jerico<\/em>\u00a0(8a+) et\u00a0<em>Legend<\/em>\u00a0(7b), belle et unique en son genre, qui ont \u00e9t\u00e9 lib\u00e9r\u00e9es par Andrea Plat.<\/p>\n<p>En g\u00e9n\u00e9ral, les voies d\u2019ici sont courtes, avec des passages explosifs, toujours plus ou moins en surplomb. La p\u00e9riode id\u00e9ale pour les escalader va du printemps \u00e0 l\u2019automne.<\/p>\n<h1><strong>LA RAVOIRE &#8211; 1090 m<\/strong><\/h1>\n<p><strong>Acc\u00e8s :<br \/>\n<\/strong>Quittez l\u2019autoroute A5 \u00e0 la sortie \u00ab Aoste Ouest \u00bb et prenez la route nationale direction Courmayeur jusqu\u2019\u00e0 Arvier. Tournez \u00e0 gauche juste avant le deuxi\u00e8me tunnel et prenez la route qui m\u00e8ne \u00e0 Valgrisenche. Juste apr\u00e8s le hameau de La Ravoire, sur la gauche, avant le paravalanche, vous trouverez un grand parking, \u00e0 deux pas de la paroi.<\/p>\n<p><strong>Description :<br \/>\n<\/strong>cette falaise a une longue histoire, qui commence au d\u00e9but des ann\u00e9es 1980 gr\u00e2ce au travail de Corrado Framarin, Guido Azzalea, Hans Marguerettaz et Andrea Plat, pr\u00e9curseurs et grands connaisseurs de l\u2019escalade libre en Vall\u00e9e d\u2019Aoste.<br \/>\nC\u2019est ici que l\u2019on trouve la premi\u00e8re voie dure de la Vall\u00e9e, Missione speciale, un 7b, \u00e9quip\u00e9e par Hans Marguerettaz et r\u00e9alis\u00e9e en 1986 par Plat et N. Longo (qui vient de Biella mais qui conna\u00eet tr\u00e8s bien les falaises de la Vall\u00e9e, ainsi que leur histoire).<br \/>\nIci, l\u2019on grimpe en suivant la conformation du rocher, vertical mais l\u00e9g\u00e8rement inclin\u00e9, lisse et compact, ce qui implique une grimpe tr\u00e8s technique. Malgr\u00e9 cela, la falaise est fr\u00e9quent\u00e9e par beaucoup de grimpeurs. Gr\u00e2ce \u00e0 sa bonne exposition, il est possible de grimper aussi durant les belles journ\u00e9es d\u2019hiver.<\/p>\n<h1>LA CONFESSION &#8211; 1400 m<\/h1>\n<p><strong>Acc\u00e8s :<br \/>\n<\/strong>Quittez l\u2019autoroute A5 \u00e0 la sortie \u00ab Aoste Ouest \u00bb et prenez la route nationale direction Courmayeur jusqu\u2019\u00e0 Arvier. Tournez \u00e0 gauche juste avant le deuxi\u00e8me tunnel et prenez la route qui m\u00e8ne \u00e0 Valgrisenche. Parcourrez 5 km et, apr\u00e8s deux virages s\u00e9rr\u00e9s, vous verrez une cascade sur votre droite, continuez encore 100 m et, toujours sur la droite, vous apercevrez le pilier rocheux de la Confession, \u00e0 proximit\u00e9 imm\u00e9diate.<\/p>\n<p><strong>Description :<br \/>\n<\/strong>le \u00ab Pilier de La Confession \u00bb tire son nom du toponyme de cette zone. Initialement, c\u2019est le groupe d\u2019ouvreurs les Cro\u00e9 bocia qui a aper\u00e7u de belles voies d\u2019escalade sur la paroi situ\u00e9e pr\u00e8s de la route et qui les a \u00e9quip\u00e9es. En effet, c\u2019est exactement \u00e0 l\u2019endroit o\u00f9 la route devient plus large que l\u2019on trouve les voies les meilleures, avec du rocher de tr\u00e8s bonne qualit\u00e9, qui oblige les grimpeurs \u00e0 faire des mouvements \u00e9l\u00e9gants. Mario Ogliengo et Massimo Farina ont \u00e9quip\u00e9 neuf nouvelles voies dans le secteur de gauche, o\u00f9 le rocher est, l\u00e0 aussi, solide, mais l\u00e9g\u00e8rement inclin\u00e9 : puisqu\u2019il est bien expos\u00e9 au soleil et que ses voies ne sont pas trop dures, c\u2019est le lieu id\u00e9al pour grimper pendant les premiers jours chauds du printemps, quand les secteurs plus connus de cette zone sont bond\u00e9s. Certaines voies sont aussi \u00e0 l\u2019abri de la pluie.<\/p>\n<h1><strong>PLANAVAL &#8211; ORFEO &#8211; 1550 m<\/strong><\/h1>\n<p><strong>Acc\u00e8s :<br \/>\n<\/strong><\/p>\n<p>Quittez l\u2019autoroute A5 \u00e0 la sortie \u00ab Aoste Ouest \u00bb et prenez la route nationale direction Courmayeur jusqu\u2019\u00e0 Arvier. Tournez \u00e0 gauche juste avant le deuxi\u00e8me tunnel et prenez la route qui m\u00e8ne \u00e0 Valgrisenche. Continuez sur 10 km environ, puis garez-vous apr\u00e8s avoir pass\u00e9 deux cascades, sur la ligne droite qui m\u00e8ne \u00e0 la bifurcation pour Planaval. Le secteur est tout pr\u00e8s de la route.<\/p>\n<p><strong>Description :<br \/>\n<\/strong>petit secteur un peu oubli\u00e9 mais qui m\u00e9rite bien d\u2019\u00eatre escalad\u00e9, surtout par les grimpeurs de bloc qui veulent mettre un harnais, puisqu\u2019il s\u2019agit de voies courtes mais intenses. Certaines d\u2019entre elles sont en surplomb mais pr\u00e9sentent de beaux mouvements. Andrea Plat a \u00e9quip\u00e9 ce secteur au d\u00e9but des ann\u00e9es 1990.<\/p>\n<h1>PLANAVAL &#8211; 1850 m<\/h1>\n<p><strong>Acc\u00e8s :<br \/>\n<\/strong>Quittez l\u2019autoroute A5 \u00e0 la sortie \u00ab Aoste Ouest \u00bb et prenez la route nationale direction Courmayeur jusqu\u2019\u00e0 Arvier. Tournez \u00e0 gauche juste avant le deuxi\u00e8me tunnel et prenez la route qui m\u00e8ne \u00e0 Valgrisenche. Parcourez encore 10 km environ jusqu\u2019au hameau de Planaval, o\u00f9 vous laissez votre voiture. La falaise est bien visible et vous pouvez y arriver en 20 min, en suivant le chemin qui m\u00e8ne \u00e0 la base de la paroi. Si vous voulez grimper sur les voies situ\u00e9es \u00e0 droite, d\u00e9passez Planaval et garez votre voiture au bord de la route, au niveau du deuxi\u00e8me virage : suivez le chemin rural abandonn\u00e9 qui m\u00e8ne \u00e0 la falaise en 5 min.<\/p>\n<p><strong>Description :<br \/>\n<\/strong>il s\u2019agit d\u2019une falaise \u00e9quip\u00e9e par Giorgio Bredy et Christian Fiou en 1995, mais qui est encore en \u00e9volution.<br \/>\nLa voie Planoramix a \u00e9t\u00e9 \u00e9quip\u00e9e par Giorgio Bredy et Christian Fiou le 4 avril 1995.<br \/>\nLa voie Compleanni famosi a \u00e9t\u00e9 \u00e9quip\u00e9e par Giorgio Bredy et Irene Bellotto le 17 septembre 1997.<br \/>\nLa voie Le sanglier a \u00e9t\u00e9 \u00e9quip\u00e9e par Ilaria Iemmi et Matteo Giglio le 20 ao\u00fbt 2006.<br \/>\nLa voie La f\u00eate du village a \u00e9t\u00e9 \u00e9quip\u00e9e par Alexis Vallet et Matteo Giglio le 6 mai 2007.<\/p>\n<p><strong>Sources : \u00a0 \u00a0<\/strong><\/p>\n<p><strong>&#8211;\u00a0 Massimo Bal &#8211; Patrick Raspo, Mani Nude 2 Arrampicata Sportiva in Valle d&rsquo;Aosta, Martini Multimedia Editore, Saint Vincent 2007.<\/strong><\/p>\n","protected":false},"excerpt":{"rendered":"<p>Les voies d\u2019escalade \u00e9tant trac\u00e9es sur des propri\u00e9t\u00e9s priv\u00e9es, la commune d\u2019Arvier pr\u00e9cise que les donn\u00e9es suivantes ont un caract\u00e8re purement informatif et d\u00e9cline toute responsabilit\u00e9 quant \u00e0 l\u2019\u00e9tat desdites voies.<\/p>\n","protected":false},"author":1,"featured_media":0,"parent":7223,"menu_order":0,"comment_status":"closed","ping_status":"closed","template":"","meta":{"footnotes":""},"tags":[],"class_list":["post-7225","page","type-page","status-publish","hentry"],"publishpress_future_action":{"enabled":false,"date":"2026-05-08 05:07:58","action":"change-status","newStatus":"draft","terms":[],"taxonomy":"post_tag","extraData":[]},"publishpress_future_workflow_manual_trigger":{"enabledWorkflows":[]},"_links":{"self":[{"href":"https:\/\/arvier.eu\/fr\/wp-json\/wp\/v2\/pages\/7225","targetHints":{"allow":["GET"]}}],"collection":[{"href":"https:\/\/arvier.eu\/fr\/wp-json\/wp\/v2\/pages"}],"about":[{"href":"https:\/\/arvier.eu\/fr\/wp-json\/wp\/v2\/types\/page"}],"author":[{"embeddable":true,"href":"https:\/\/arvier.eu\/fr\/wp-json\/wp\/v2\/users\/1"}],"replies":[{"embeddable":true,"href":"https:\/\/arvier.eu\/fr\/wp-json\/wp\/v2\/comments?post=7225"}],"version-history":[{"count":0,"href":"https:\/\/arvier.eu\/fr\/wp-json\/wp\/v2\/pages\/7225\/revisions"}],"up":[{"embeddable":true,"href":"https:\/\/arvier.eu\/fr\/wp-json\/wp\/v2\/pages\/7223"}],"wp:attachment":[{"href":"https:\/\/arvier.eu\/fr\/wp-json\/wp\/v2\/media?parent=7225"}],"wp:term":[{"taxonomy":"post_tag","embeddable":true,"href":"https:\/\/arvier.eu\/fr\/wp-json\/wp\/v2\/tags?post=7225"}],"curies":[{"name":"wp","href":"https:\/\/api.w.org\/{rel}","templated":true}]}}

<table border="0" align="center">
<tbody>
<tr>
<td><a href="https://arvier.eu/wp-content/uploads/2012/05/Leverogne_H.JPG"><img loading="lazy" decoding="async" class=" size-full wp-image-632" title="Foto Dujany André" src="https://arvier.eu/wp-content/uploads/2012/05/Leverogne_b.jpg" alt="Leverogne b" width="300" height="400" /></a></td>
<td><a href="https://arvier.eu/wp-content/uploads/2012/05/Leverogne_2H.JPG"><img loading="lazy" decoding="async" class=" size-full wp-image-635" title="Foto Dujany André" src="https://arvier.eu/wp-content/uploads/2012/05/Leverogne_2b.jpg" alt="Leverogne 2b" width="300" height="400" /></a></td>
</tr>
</tbody>
</table>
<p style="text-align: center;"><strong>Les voies d’escalade étant tracées sur des propriétés privées, </strong><strong>la commune d’Arvier précise que les données suivantes</strong><br />
<strong>ont un caractère purement informatif </strong><strong>et décline toute responsabilité quant à l’état desdites voies.</strong></p>
<p><strong> </strong></p>
<h1><strong>LEVEROGNE &#8211; 770 m<br />
</strong></h1>
<p><strong>Accès :<br />
</strong><strong>Leverogne:</strong> quittez l’autoroute A5 à la sortie « Aoste Ouest » et prenez la route nationale, direction Courmayeur, jusqu’à Arvier. Passez le rond-point et poursuivez jusqu’à la bifurcation pour Leverogne et Valgrisenche avant le tunnel , tournez à gauche, la falaise se trouve juste au-dessus du tunnel.</p>
<p><strong>Secteur Vampirella :</strong> parcourez en voiture la route qui mène à Valgrisenche et, après le troisième virage, arrêtez-vous sur l’esplanade où est bâti un chalet. Garez votre voiture et poursuivez à pied (5 min) ; prenez le chemin qui part à droite au-dessus du mur bordant la route et marchez jusqu’à un portail en bois : franchissez-le et 30 mètres plus loin, vous êtes à la base de la première voie.</p>
<p><strong>Description :<br />
</strong>c’est Andrea Plat qui a équipé la plupart des voies de ce secteur. Il est l’un des précurseurs et des meilleurs représentants de l’escalade libre de la deuxième moitié des années 1980, époque où il passa au crible tous les coins de la vallée pour trouver de nouveaux secteurs à équiper. Luca Ferraris, qui a été le président de la société d’escalade pendant des années et qui a organisé plusieurs compétitions, a aussi apporté sa contribution à la mise en place de ces voies. En 2000, Patrick Raspo a équipé quatre nouvelles voies puis, entre les années 2003 et 2005, Carlo Rebecchi, Valerio Glarey, Stefano Zilio et Matteo Giglio en ont équipé d’autres.</p>
<p>C’est sur cette falaise que le premier 8a de la Vallée est né : il s’agit de<em> Vampirella</em>, que Stefano Finocchi, de Rome, a libérée lorsqu’il était à Aoste pour son service militaire. Peu d’années après, ce sont <em>Jerico</em> (8a+) et <em>Legend</em> (7b), belle et unique en son genre, qui ont été libérées par Andrea Plat.</p>
<p>En général, les voies d’ici sont courtes, avec des passages explosifs, toujours plus ou moins en surplomb. La période idéale pour les escalader va du printemps à l’automne.</p>
<h1><strong>LA RAVOIRE &#8211; 1090 m</strong></h1>
<p><strong>Accès :<br />
</strong>Quittez l’autoroute A5 à la sortie « Aoste Ouest » et prenez la route nationale direction Courmayeur jusqu’à Arvier. Tournez à gauche juste avant le deuxième tunnel et prenez la route qui mène à Valgrisenche. Juste après le hameau de La Ravoire, sur la gauche, avant le paravalanche, vous trouverez un grand parking, à deux pas de la paroi.</p>
<p><strong>Description :<br />
</strong>cette falaise a une longue histoire, qui commence au début des années 1980 grâce au travail de Corrado Framarin, Guido Azzalea, Hans Marguerettaz et Andrea Plat, précurseurs et grands connaisseurs de l’escalade libre en Vallée d’Aoste.<br />
C’est ici que l’on trouve la première voie dure de la Vallée, Missione speciale, un 7b, équipée par Hans Marguerettaz et réalisée en 1986 par Plat et N. Longo (qui vient de Biella mais qui connaît très bien les falaises de la Vallée, ainsi que leur histoire).<br />
Ici, l’on grimpe en suivant la conformation du rocher, vertical mais légèrement incliné, lisse et compact, ce qui implique une grimpe très technique. Malgré cela, la falaise est fréquentée par beaucoup de grimpeurs. Grâce à sa bonne exposition, il est possible de grimper aussi durant les belles journées d’hiver.</p>
<h1>LA CONFESSION &#8211; 1400 m</h1>
<p><strong>Accès :<br />
</strong>Quittez l’autoroute A5 à la sortie « Aoste Ouest » et prenez la route nationale direction Courmayeur jusqu’à Arvier. Tournez à gauche juste avant le deuxième tunnel et prenez la route qui mène à Valgrisenche. Parcourrez 5 km et, après deux virages sérrés, vous verrez une cascade sur votre droite, continuez encore 100 m et, toujours sur la droite, vous apercevrez le pilier rocheux de la Confession, à proximité immédiate.</p>
<p><strong>Description :<br />
</strong>le « Pilier de La Confession » tire son nom du toponyme de cette zone. Initialement, c’est le groupe d’ouvreurs les Croé bocia qui a aperçu de belles voies d’escalade sur la paroi située près de la route et qui les a équipées. En effet, c’est exactement à l’endroit où la route devient plus large que l’on trouve les voies les meilleures, avec du rocher de très bonne qualité, qui oblige les grimpeurs à faire des mouvements élégants. Mario Ogliengo et Massimo Farina ont équipé neuf nouvelles voies dans le secteur de gauche, où le rocher est, là aussi, solide, mais légèrement incliné : puisqu’il est bien exposé au soleil et que ses voies ne sont pas trop dures, c’est le lieu idéal pour grimper pendant les premiers jours chauds du printemps, quand les secteurs plus connus de cette zone sont bondés. Certaines voies sont aussi à l’abri de la pluie.</p>
<h1><strong>PLANAVAL &#8211; ORFEO &#8211; 1550 m</strong></h1>
<p><strong>Accès :<br />
</strong></p>
<p>Quittez l’autoroute A5 à la sortie « Aoste Ouest » et prenez la route nationale direction Courmayeur jusqu’à Arvier. Tournez à gauche juste avant le deuxième tunnel et prenez la route qui mène à Valgrisenche. Continuez sur 10 km environ, puis garez-vous après avoir passé deux cascades, sur la ligne droite qui mène à la bifurcation pour Planaval. Le secteur est tout près de la route.</p>
<p><strong>Description :<br />
</strong>petit secteur un peu oublié mais qui mérite bien d’être escaladé, surtout par les grimpeurs de bloc qui veulent mettre un harnais, puisqu’il s’agit de voies courtes mais intenses. Certaines d’entre elles sont en surplomb mais présentent de beaux mouvements. Andrea Plat a équipé ce secteur au début des années 1990.</p>
<h1>PLANAVAL &#8211; 1850 m</h1>
<p><strong>Accès :<br />
</strong>Quittez l’autoroute A5 à la sortie « Aoste Ouest » et prenez la route nationale direction Courmayeur jusqu’à Arvier. Tournez à gauche juste avant le deuxième tunnel et prenez la route qui mène à Valgrisenche. Parcourez encore 10 km environ jusqu’au hameau de Planaval, où vous laissez votre voiture. La falaise est bien visible et vous pouvez y arriver en 20 min, en suivant le chemin qui mène à la base de la paroi. Si vous voulez grimper sur les voies situées à droite, dépassez Planaval et garez votre voiture au bord de la route, au niveau du deuxième virage : suivez le chemin rural abandonné qui mène à la falaise en 5 min.</p>
<p><strong>Description :<br />
</strong>il s’agit d’une falaise équipée par Giorgio Bredy et Christian Fiou en 1995, mais qui est encore en évolution.<br />
La voie Planoramix a été équipée par Giorgio Bredy et Christian Fiou le 4 avril 1995.<br />
La voie Compleanni famosi a été équipée par Giorgio Bredy et Irene Bellotto le 17 septembre 1997.<br />
La voie Le sanglier a été équipée par Ilaria Iemmi et Matteo Giglio le 20 août 2006.<br />
La voie La fête du village a été équipée par Alexis Vallet et Matteo Giglio le 6 mai 2007.</p>
<p><strong>Sources :    </strong></p>
<p><strong>&#8211;  Massimo Bal &#8211; Patrick Raspo, Mani Nude 2 Arrampicata Sportiva in Valle d&rsquo;Aosta, Martini Multimedia Editore, Saint Vincent 2007.</strong></p>

<p>Les voies d’escalade étant tracées sur des propriétés privées, la commune d’Arvier précise que les données suivantes ont un caractère purement informatif et décline toute responsabilité quant à l’état desdites voies.</p>
