{"id":7246,"date":"2011-11-07T23:21:26","date_gmt":"2011-11-07T22:21:26","guid":{"rendered":"https:\/\/arvier.eu\/arvier-capoluogo-e-frazioni\/chez-les-garin\/"},"modified":"2022-03-03T13:09:05","modified_gmt":"2022-03-03T12:09:05","slug":"chez-les-garin","status":"publish","type":"page","link":"https:\/\/arvier.eu\/fr\/territorio\/arvier-capoluogo-e-frazioni\/chez-les-garin\/","title":{"rendered":"Chez-Les-Garin"},"content":{"rendered":"<p style=\"text-align: center;\"><a href=\"https:\/\/arvier.eu\/wp-content\/uploads\/2011\/11\/Chez_les_Garin.jpg\"><img loading=\"lazy\" decoding=\"async\" class=\" size-full wp-image-493\" title=\"Foto Andrea Vallet\" src=\"https:\/\/arvier.eu\/wp-content\/uploads\/2011\/11\/Chez_les_Garin_b.jpg\" alt=\"Chez_les_Garin_b\" width=\"800\" height=\"533\" \/><\/a><\/p>\n<p style=\"text-align: justify;\">C\u2019est \u00e0 Chez-les-Garin, petit hameau situ\u00e9 en amont de Leverogne et au-dessous du promontoire de Rochefort, que naquit en 1872 Maurice Garin, l\u2019un des personnages les plus connus d\u2019Arvier.<br \/>\nMaurice \u00e9migra en France, pour y travailler comme ramoneur et, \u00e0 cause de sa petite taille (1,61 m pour 60 kg), il fut surnomm\u00e9 \u00ab le petit ramoneur \u00bb. Gr\u00e2ce \u00e0 sa d\u00e9termination et \u00e0 son amour du cyclisme, il remporta la premi\u00e8re \u00e9dition du Tour de France, entrant ainsi dans l\u2019histoire.<br \/>\nInstall\u00e9 \u00e0 Lens, ce c\u00e9l\u00e8bre cycliste ne revint jamais \u00e0 Chez-les-Garin, qui, apr\u00e8s quelques ann\u00e9es de quasi-abandon, a recommenc\u00e9 \u00e0 vivre gr\u00e2ce aux familles qui ont r\u00e9nov\u00e9 ses anciennes maisons pour s\u2019y installer.<br \/>\nLe hameau dispose aussi d\u2019un four \u00e0 pain, restaur\u00e9 entre 2011 et 2012 : c\u2019est le plus grand de toute la commune, avec son diam\u00e8tre interne de trois m\u00e8tres, et il peut contenir jusqu\u2019\u00e0 100 pains.<br \/>\nChaque ann\u00e9e au mois de mai, la procession qui monte au sanctuaire de Rochefort traverse le village.<\/p>\n<p style=\"text-align: justify;\">\n<p><strong>Sources: \u00a0<\/strong><br \/>\nAmbroise Roux, La Paroisse d\u2019Arvier, Imprimerie Catholique, Aoste 1910.<br \/>\nPro Loco di Arvier, Le Conte d\u2019eun cou, Imprimerie vald\u00f4taine, Aoste 1995.<br \/>\nAA.VV., Arvier, Una comunit\u00e0 nella Storia, Musumeci editore, Quart 2004.<br \/>\nAA.VV., Planaval, Histoire, m\u00e9moire et traditions d\u2019une petite communaut\u00e9, LeCh\u00e2teau, Aoste 2009.<br \/>\nAA.VV., Baise-Pierre, Entre histoire et souvenir, Tipografia Marcoz, Morgex 2011.<\/p>\n","protected":false},"excerpt":{"rendered":"<p>C\u2019est \u00e0 Chez-les-Garin, petit hameau situ\u00e9 en amont de Leverogne et au-dessous du promontoire de Rochefort, que naquit en 1872 Maurice Garin, l\u2019un des personnages les plus connus d\u2019Arvier.<\/p>\n","protected":false},"author":1,"featured_media":0,"parent":7240,"menu_order":4,"comment_status":"closed","ping_status":"closed","template":"","meta":{"footnotes":""},"tags":[],"class_list":["post-7246","page","type-page","status-publish","hentry"],"publishpress_future_action":{"enabled":false,"date":"2026-05-07 23:54:07","action":"change-status","newStatus":"draft","terms":[],"taxonomy":"post_tag","extraData":[]},"publishpress_future_workflow_manual_trigger":{"enabledWorkflows":[]},"_links":{"self":[{"href":"https:\/\/arvier.eu\/fr\/wp-json\/wp\/v2\/pages\/7246","targetHints":{"allow":["GET"]}}],"collection":[{"href":"https:\/\/arvier.eu\/fr\/wp-json\/wp\/v2\/pages"}],"about":[{"href":"https:\/\/arvier.eu\/fr\/wp-json\/wp\/v2\/types\/page"}],"author":[{"embeddable":true,"href":"https:\/\/arvier.eu\/fr\/wp-json\/wp\/v2\/users\/1"}],"replies":[{"embeddable":true,"href":"https:\/\/arvier.eu\/fr\/wp-json\/wp\/v2\/comments?post=7246"}],"version-history":[{"count":0,"href":"https:\/\/arvier.eu\/fr\/wp-json\/wp\/v2\/pages\/7246\/revisions"}],"up":[{"embeddable":true,"href":"https:\/\/arvier.eu\/fr\/wp-json\/wp\/v2\/pages\/7240"}],"wp:attachment":[{"href":"https:\/\/arvier.eu\/fr\/wp-json\/wp\/v2\/media?parent=7246"}],"wp:term":[{"taxonomy":"post_tag","embeddable":true,"href":"https:\/\/arvier.eu\/fr\/wp-json\/wp\/v2\/tags?post=7246"}],"curies":[{"name":"wp","href":"https:\/\/api.w.org\/{rel}","templated":true}]}}

<p style="text-align: center;"><a href="https://arvier.eu/wp-content/uploads/2011/11/Chez_les_Garin.jpg"><img loading="lazy" decoding="async" class=" size-full wp-image-493" title="Foto Andrea Vallet" src="https://arvier.eu/wp-content/uploads/2011/11/Chez_les_Garin_b.jpg" alt="Chez_les_Garin_b" width="800" height="533" /></a></p>
<p style="text-align: justify;">C’est à Chez-les-Garin, petit hameau situé en amont de Leverogne et au-dessous du promontoire de Rochefort, que naquit en 1872 Maurice Garin, l’un des personnages les plus connus d’Arvier.<br />
Maurice émigra en France, pour y travailler comme ramoneur et, à cause de sa petite taille (1,61 m pour 60 kg), il fut surnommé « le petit ramoneur ». Grâce à sa détermination et à son amour du cyclisme, il remporta la première édition du Tour de France, entrant ainsi dans l’histoire.<br />
Installé à Lens, ce célèbre cycliste ne revint jamais à Chez-les-Garin, qui, après quelques années de quasi-abandon, a recommencé à vivre grâce aux familles qui ont rénové ses anciennes maisons pour s’y installer.<br />
Le hameau dispose aussi d’un four à pain, restauré entre 2011 et 2012 : c’est le plus grand de toute la commune, avec son diamètre interne de trois mètres, et il peut contenir jusqu’à 100 pains.<br />
Chaque année au mois de mai, la procession qui monte au sanctuaire de Rochefort traverse le village.</p>
<p style="text-align: justify;">
<p><strong>Sources:  </strong><br />
Ambroise Roux, La Paroisse d’Arvier, Imprimerie Catholique, Aoste 1910.<br />
Pro Loco di Arvier, Le Conte d’eun cou, Imprimerie valdôtaine, Aoste 1995.<br />
AA.VV., Arvier, Una comunità nella Storia, Musumeci editore, Quart 2004.<br />
AA.VV., Planaval, Histoire, mémoire et traditions d’une petite communauté, LeChâteau, Aoste 2009.<br />
AA.VV., Baise-Pierre, Entre histoire et souvenir, Tipografia Marcoz, Morgex 2011.</p>

<p>C’est à Chez-les-Garin, petit hameau situé en amont de Leverogne et au-dessous du promontoire de Rochefort, que naquit en 1872 Maurice Garin, l’un des personnages les plus connus d’Arvier.</p>
