{"id":7268,"date":"2013-01-19T15:49:04","date_gmt":"2013-01-19T14:49:04","guid":{"rendered":"https:\/\/arvier.eu\/les-balmes\/"},"modified":"2022-03-03T13:28:38","modified_gmt":"2022-03-03T12:28:38","slug":"les-balmes","status":"publish","type":"page","link":"https:\/\/arvier.eu\/fr\/territorio\/beni-ambientali\/les-balmes\/","title":{"rendered":"Les Balmes"},"content":{"rendered":"<h1 style=\"text-align: center;\"><span style=\"color: #000000;\"><strong>Les Balmes<br \/>\n<\/strong><\/span><\/h1>\n<ul>\n<li>D\u00e9nominations utilis\u00e9es :\u00a0<em>Les Barmes<\/em>;<br \/>\nDD\u00e9nominations officielles ou les plus r\u00e9currentes :\u00a0<em>Les Barmes\/Les Balmes<\/em>.<\/p>\n<p>(en vertu de l\u2019arr\u00eat\u00e9 n\u00b0 12 du 13 janvier 2011, portant approbation des d\u00e9nominations officielles des villages, des hameaux, des lieux-dits et de toute autre localit\u00e9 de la Commune d\u2019ARVIER, aux termes du premier alin\u00e9a de l\u2019article 2 de la loi r\u00e9gionale n\u00b0 61 du 9 d\u00e9cembre 1976, tel qu\u2019il a \u00e9t\u00e9 modifi\u00e9 par l\u2019article 1er de la loi r\u00e9gionale n\u00b0 18 du 4 ao\u00fbt 2006)<\/p>\n<p>La zone des\u00a0<strong>Balmes<\/strong>\u00a0de Leverogne est sans aucun doute un espace important, de diff\u00e9rents points de vue :<\/p>\n<ul>\n<li>g\u00e9ologique et environnemental (pr\u00e9sence de marmites de g\u00e9ants : creux parfois de grandes dimensions, en forme de cylindre ou de bol, ayant une origine fluvioglaciaire) ;<\/li>\n<li>arch\u00e9ologique (route romaine)<\/li>\n<li>paysager et touristique (espace am\u00e9nag\u00e9 avec tables et bancs)<\/li>\n<li>sportif (<a href=\"https:\/\/arvier.eu\/fr\/escursioni-e-sport\/arrampicata\/\">escalade<\/a>)<strong>.<\/strong><\/li>\n<\/ul>\n<\/li>\n<\/ul>\n<p style=\"text-align: justify;\">\n","protected":false},"excerpt":{"rendered":"<p>Les Balmes D\u00e9nominations utilis\u00e9es :\u00a0Les Barmes; DD\u00e9nominations officielles ou les plus r\u00e9currentes :\u00a0Les Barmes\/Les Balmes.<\/p>\n","protected":false},"author":1,"featured_media":0,"parent":7395,"menu_order":0,"comment_status":"closed","ping_status":"closed","template":"","meta":{"footnotes":""},"tags":[],"class_list":["post-7268","page","type-page","status-publish","hentry"],"publishpress_future_action":{"enabled":false,"date":"2026-05-08 03:43:35","action":"change-status","newStatus":"draft","terms":[],"taxonomy":"post_tag","extraData":[]},"publishpress_future_workflow_manual_trigger":{"enabledWorkflows":[]},"_links":{"self":[{"href":"https:\/\/arvier.eu\/fr\/wp-json\/wp\/v2\/pages\/7268","targetHints":{"allow":["GET"]}}],"collection":[{"href":"https:\/\/arvier.eu\/fr\/wp-json\/wp\/v2\/pages"}],"about":[{"href":"https:\/\/arvier.eu\/fr\/wp-json\/wp\/v2\/types\/page"}],"author":[{"embeddable":true,"href":"https:\/\/arvier.eu\/fr\/wp-json\/wp\/v2\/users\/1"}],"replies":[{"embeddable":true,"href":"https:\/\/arvier.eu\/fr\/wp-json\/wp\/v2\/comments?post=7268"}],"version-history":[{"count":0,"href":"https:\/\/arvier.eu\/fr\/wp-json\/wp\/v2\/pages\/7268\/revisions"}],"up":[{"embeddable":true,"href":"https:\/\/arvier.eu\/fr\/wp-json\/wp\/v2\/pages\/7395"}],"wp:attachment":[{"href":"https:\/\/arvier.eu\/fr\/wp-json\/wp\/v2\/media?parent=7268"}],"wp:term":[{"taxonomy":"post_tag","embeddable":true,"href":"https:\/\/arvier.eu\/fr\/wp-json\/wp\/v2\/tags?post=7268"}],"curies":[{"name":"wp","href":"https:\/\/api.w.org\/{rel}","templated":true}]}}

<h1 style="text-align: center;"><span style="color: #000000;"><strong>Les Balmes<br />
</strong></span></h1>
<ul>
<li>Dénominations utilisées : <em>Les Barmes</em>;<br />
DDénominations officielles ou les plus récurrentes : <em>Les Barmes/Les Balmes</em>.</p>
<p>(en vertu de l’arrêté n° 12 du 13 janvier 2011, portant approbation des dénominations officielles des villages, des hameaux, des lieux-dits et de toute autre localité de la Commune d’ARVIER, aux termes du premier alinéa de l’article 2 de la loi régionale n° 61 du 9 décembre 1976, tel qu’il a été modifié par l’article 1er de la loi régionale n° 18 du 4 août 2006)</p>
<p>La zone des <strong>Balmes</strong> de Leverogne est sans aucun doute un espace important, de différents points de vue :</p>
<ul>
<li>géologique et environnemental (présence de marmites de géants : creux parfois de grandes dimensions, en forme de cylindre ou de bol, ayant une origine fluvioglaciaire) ;</li>
<li>archéologique (route romaine)</li>
<li>paysager et touristique (espace aménagé avec tables et bancs)</li>
<li>sportif (<a href="https://arvier.eu/fr/escursioni-e-sport/arrampicata/">escalade</a>)<strong>.</strong></li>
</ul>
</li>
</ul>
<p style="text-align: justify;">

<p>Les Balmes Dénominations utilisées : Les Barmes; DDénominations officielles ou les plus récurrentes : Les Barmes/Les Balmes.</p>
