{"id":7276,"date":"2012-04-14T15:52:06","date_gmt":"2012-04-14T13:52:06","guid":{"rendered":"https:\/\/arvier.eu\/alpeggi\/"},"modified":"2022-03-12T11:48:56","modified_gmt":"2022-03-12T10:48:56","slug":"alpages","status":"publish","type":"page","link":"https:\/\/arvier.eu\/fr\/territorio\/beni-ambientali\/alpages\/","title":{"rendered":"Alpages"},"content":{"rendered":"<p><strong>Pileo-Leytin-Bor\u00e8gne<\/strong>\u00a0est l\u2019un des alpages de la commune d\u2019Arvier ; il se trouve sur le versant droit du Valgrisenche et est g\u00e9r\u00e9 directement par ses propri\u00e9taires : la famille Clusaz.<br \/>\nAvec sa femme Stefania et leurs fils Mattia e Alessandro, Andrea perp\u00e9tue une tradition transmise de g\u00e9n\u00e9ration en g\u00e9n\u00e9ration.<br \/>\nL\u2019alpage comprend trois tramails : Pileo, \u00e0 1600 m, Leytin, \u00e0 1800 m, et Bor\u00e8gne, \u00e0 2000 m. La mont\u00e9e jusqu\u2019\u00e0 Pileo (inarpa) a lieu au d\u00e9but du mois de juin et la descente (desarpa) se d\u00e9roule vers la fin du mois de septembre.<\/p>\n<table border=\"0\" align=\"center\">\n<tbody>\n<tr>\n<td><a href=\"https:\/\/arvier.eu\/images\/stories\/pagine\/Terriorio\/Alpeggi\/PileoH1.jpg\"><img loading=\"lazy\" decoding=\"async\" src=\"https:\/\/arvier.eu\/images\/stories\/pagine\/Terriorio\/Alpeggi\/Pileob1.jpg\" alt=\"Pileob1\" width=\"200\" height=\"150\" \/><\/a><\/td>\n<td><a href=\"https:\/\/arvier.eu\/images\/stories\/pagine\/Terriorio\/Alpeggi\/LeytinH.jpg\"><img loading=\"lazy\" decoding=\"async\" src=\"https:\/\/arvier.eu\/images\/stories\/pagine\/Terriorio\/Alpeggi\/Leytinb.jpg\" alt=\"Leytinb\" width=\"200\" height=\"150\" \/><\/a><\/td>\n<\/tr>\n<tr>\n<td><strong>Pileo<\/strong><\/td>\n<td><strong>Leytin<\/strong><\/td>\n<\/tr>\n<\/tbody>\n<\/table>\n<p>L\u2019alpage peut accueillir actuellement jusqu\u2019\u00e0 70 t\u00eates de b\u00e9tail. Depuis quelques ann\u00e9es, Andrea organise la desarpa \u00e0 pied et suit l\u2019ancien sentier qui descend jusqu\u2019au Grand-Haury en passant par l\u2019Alpetta. Les troupeaux empruntent ensuite la route communale jusqu\u2019\u00e0 Arvier, o\u00f9 de nombreuses personnes assistent avec enthousiasme \u00e0 cet \u00e9v\u00e9nement, de plus en plus rare aujourd\u2019hui.<\/p>\n<table border=\"0\" align=\"center\">\n<tbody>\n<tr>\n<td><a href=\"https:\/\/arvier.eu\/images\/stories\/pagine\/Terriorio\/Alpeggi\/Desarpa1H.jpg\"><img loading=\"lazy\" decoding=\"async\" src=\"https:\/\/arvier.eu\/images\/stories\/pagine\/Terriorio\/Alpeggi\/Desarpa1b.jpg\" alt=\"Desarpa1b\" width=\"350\" height=\"262\" \/><\/a><\/td>\n<td><a href=\"https:\/\/arvier.eu\/images\/stories\/pagine\/Terriorio\/Alpeggi\/Desarpa2H.JPG\"><img loading=\"lazy\" decoding=\"async\" src=\"https:\/\/arvier.eu\/images\/stories\/pagine\/Terriorio\/Alpeggi\/Desarpa2b.jpg\" alt=\"Desarpa2b\" width=\"350\" height=\"263\" \/><\/a><\/td>\n<\/tr>\n<\/tbody>\n<\/table>\n<p><strong>Desarpa avec passage par le hameau du Grand-Haury<\/strong><\/p>\n<p><strong>L\u2019Alpe Orfeuilles et Plan Petet\u00a0<\/strong>sont situ\u00e9s sur le versant gauche du Valgrisenche, dans la commune d\u2019Arvier.<\/p>\n<p>De ces deux tramails, le premier, Orfeuilles ou L\u2019\u00d2o en patois, est situ\u00e9 \u00e0 une altitude de 1980 m, alors que le deuxi\u00e8me, Plan Petet, se situe \u00e0 2220 m.<\/p>\n<p>Jusqu\u2019aux ann\u00e9es 1970, L\u2019Alpe Orfeuilles et Plan Petet accueillait environ 75 t\u00eates de b\u00e9tail (capacit\u00e9 maximale de l\u2019alpage), nombre qui a \u00e9t\u00e9 r\u00e9duit \u00e0 60 au cours des ann\u00e9es suivantes. Conform\u00e9ment aux anciens r\u00e8glements, il \u00e9tait interdit d\u2019y faire monter des animaux suppl\u00e9mentaires.<br \/>\nAutrefois, le b\u00e9tail restait \u00e0 l\u2019alpage du 15 juillet (date anticip\u00e9e par la suite au 9 juillet) au 16 septembre.<br \/>\nL\u2019Alpe Orfeuilles et Plan Petet (167 ha, tous b\u00e2timents et terrains confondus) appartient au consortium agricole du m\u00eame nom, qui compte actuellement 39 ayants-droit. Chacun d\u2019entre eux dispose d\u2019une quote-part fix\u00e9e par les anciens droits (lardzo) et qui correspond au nombre de vaches que les propri\u00e9taires du hameau de Planaval, situ\u00e9 en aval, pouvaient chaque ann\u00e9e faire monter \u00e0 l\u2019alpage.<br \/>\nQuand le nombre de b\u00eates appartenant aux familles de Planaval a diminu\u00e9, les terrains et les b\u00e2timents de l\u2019alpage ont \u00e9t\u00e9 lou\u00e9s.<br \/>\nDepuis le d\u00e9but des ann\u00e9es 1980, le tramail d\u2019Orfeuilles est desservi par un chemin rural, qui le relie au hameau de Planaval et, au d\u00e9but des ann\u00e9es 1990, les vieux b\u00e2timents ont \u00e9t\u00e9 remplac\u00e9s par une \u00e9table moderne.<\/p>\n","protected":false},"excerpt":{"rendered":"<p>Pileo-Leytin-Bor\u00e8gne\u00a0est l\u2019un des alpages de la commune d\u2019Arvier ; il se trouve sur le versant droit du Valgrisenche et est g\u00e9r\u00e9 directement par ses propri\u00e9taires : la famille Clusaz.<\/p>\n","protected":false},"author":1,"featured_media":0,"parent":7395,"menu_order":3,"comment_status":"closed","ping_status":"closed","template":"","meta":{"footnotes":""},"tags":[],"class_list":["post-7276","page","type-page","status-publish","hentry"],"publishpress_future_action":{"enabled":false,"date":"2026-05-08 03:42:16","action":"change-status","newStatus":"draft","terms":[],"taxonomy":"post_tag","extraData":[]},"publishpress_future_workflow_manual_trigger":{"enabledWorkflows":[]},"_links":{"self":[{"href":"https:\/\/arvier.eu\/fr\/wp-json\/wp\/v2\/pages\/7276","targetHints":{"allow":["GET"]}}],"collection":[{"href":"https:\/\/arvier.eu\/fr\/wp-json\/wp\/v2\/pages"}],"about":[{"href":"https:\/\/arvier.eu\/fr\/wp-json\/wp\/v2\/types\/page"}],"author":[{"embeddable":true,"href":"https:\/\/arvier.eu\/fr\/wp-json\/wp\/v2\/users\/1"}],"replies":[{"embeddable":true,"href":"https:\/\/arvier.eu\/fr\/wp-json\/wp\/v2\/comments?post=7276"}],"version-history":[{"count":0,"href":"https:\/\/arvier.eu\/fr\/wp-json\/wp\/v2\/pages\/7276\/revisions"}],"up":[{"embeddable":true,"href":"https:\/\/arvier.eu\/fr\/wp-json\/wp\/v2\/pages\/7395"}],"wp:attachment":[{"href":"https:\/\/arvier.eu\/fr\/wp-json\/wp\/v2\/media?parent=7276"}],"wp:term":[{"taxonomy":"post_tag","embeddable":true,"href":"https:\/\/arvier.eu\/fr\/wp-json\/wp\/v2\/tags?post=7276"}],"curies":[{"name":"wp","href":"https:\/\/api.w.org\/{rel}","templated":true}]}}

<p><strong>Pileo-Leytin-Borègne</strong> est l’un des alpages de la commune d’Arvier ; il se trouve sur le versant droit du Valgrisenche et est géré directement par ses propriétaires : la famille Clusaz.<br />
Avec sa femme Stefania et leurs fils Mattia e Alessandro, Andrea perpétue une tradition transmise de génération en génération.<br />
L’alpage comprend trois tramails : Pileo, à 1600 m, Leytin, à 1800 m, et Borègne, à 2000 m. La montée jusqu’à Pileo (inarpa) a lieu au début du mois de juin et la descente (desarpa) se déroule vers la fin du mois de septembre.</p>
<table border="0" align="center">
<tbody>
<tr>
<td><a href="https://arvier.eu/images/stories/pagine/Terriorio/Alpeggi/PileoH1.jpg"><img loading="lazy" decoding="async" src="https://arvier.eu/images/stories/pagine/Terriorio/Alpeggi/Pileob1.jpg" alt="Pileob1" width="200" height="150" /></a></td>
<td><a href="https://arvier.eu/images/stories/pagine/Terriorio/Alpeggi/LeytinH.jpg"><img loading="lazy" decoding="async" src="https://arvier.eu/images/stories/pagine/Terriorio/Alpeggi/Leytinb.jpg" alt="Leytinb" width="200" height="150" /></a></td>
</tr>
<tr>
<td><strong>Pileo</strong></td>
<td><strong>Leytin</strong></td>
</tr>
</tbody>
</table>
<p>L’alpage peut accueillir actuellement jusqu’à 70 têtes de bétail. Depuis quelques années, Andrea organise la desarpa à pied et suit l’ancien sentier qui descend jusqu’au Grand-Haury en passant par l’Alpetta. Les troupeaux empruntent ensuite la route communale jusqu’à Arvier, où de nombreuses personnes assistent avec enthousiasme à cet événement, de plus en plus rare aujourd’hui.</p>
<table border="0" align="center">
<tbody>
<tr>
<td><a href="https://arvier.eu/images/stories/pagine/Terriorio/Alpeggi/Desarpa1H.jpg"><img loading="lazy" decoding="async" src="https://arvier.eu/images/stories/pagine/Terriorio/Alpeggi/Desarpa1b.jpg" alt="Desarpa1b" width="350" height="262" /></a></td>
<td><a href="https://arvier.eu/images/stories/pagine/Terriorio/Alpeggi/Desarpa2H.JPG"><img loading="lazy" decoding="async" src="https://arvier.eu/images/stories/pagine/Terriorio/Alpeggi/Desarpa2b.jpg" alt="Desarpa2b" width="350" height="263" /></a></td>
</tr>
</tbody>
</table>
<p><strong>Desarpa avec passage par le hameau du Grand-Haury</strong></p>
<p><strong>L’Alpe Orfeuilles et Plan Petet </strong>sont situés sur le versant gauche du Valgrisenche, dans la commune d’Arvier.</p>
<p>De ces deux tramails, le premier, Orfeuilles ou L’Òo en patois, est situé à une altitude de 1980 m, alors que le deuxième, Plan Petet, se situe à 2220 m.</p>
<p>Jusqu’aux années 1970, L’Alpe Orfeuilles et Plan Petet accueillait environ 75 têtes de bétail (capacité maximale de l’alpage), nombre qui a été réduit à 60 au cours des années suivantes. Conformément aux anciens règlements, il était interdit d’y faire monter des animaux supplémentaires.<br />
Autrefois, le bétail restait à l’alpage du 15 juillet (date anticipée par la suite au 9 juillet) au 16 septembre.<br />
L’Alpe Orfeuilles et Plan Petet (167 ha, tous bâtiments et terrains confondus) appartient au consortium agricole du même nom, qui compte actuellement 39 ayants-droit. Chacun d’entre eux dispose d’une quote-part fixée par les anciens droits (lardzo) et qui correspond au nombre de vaches que les propriétaires du hameau de Planaval, situé en aval, pouvaient chaque année faire monter à l’alpage.<br />
Quand le nombre de bêtes appartenant aux familles de Planaval a diminué, les terrains et les bâtiments de l’alpage ont été loués.<br />
Depuis le début des années 1980, le tramail d’Orfeuilles est desservi par un chemin rural, qui le relie au hameau de Planaval et, au début des années 1990, les vieux bâtiments ont été remplacés par une étable moderne.</p>

<p>Pileo-Leytin-Borègne est l’un des alpages de la commune d’Arvier ; il se trouve sur le versant droit du Valgrisenche et est géré directement par ses propriétaires : la famille Clusaz.</p>
