{"id":7401,"date":"2011-11-07T21:39:25","date_gmt":"2011-11-07T20:39:25","guid":{"rendered":"https:\/\/arvier.eu\/?page_id=7401"},"modified":"2022-03-12T11:51:20","modified_gmt":"2022-03-12T10:51:20","slug":"chamin","status":"publish","type":"page","link":"https:\/\/arvier.eu\/fr\/territorio\/arvier-capoluogo-e-frazioni\/chamin\/","title":{"rendered":"Chamin"},"content":{"rendered":"\n<figure class=\"wp-block-image\"><a href=\"https:\/\/arvier.eu\/images\/stories\/pagine\/Capoluogo_e_Frazioni\/Chamin_1.jpg\"><img decoding=\"async\" src=\"https:\/\/arvier.eu\/images\/stories\/pagine\/Capoluogo_e_Frazioni\/Chamin_1_b.jpg\" alt=\"Chamin_1_b\" title=\"Foto Andrea Vallet\"\/><\/a><\/figure>\n\n\n\n<p>Situ\u00e9 \u00e0 flanc de montagne, sur un balcon naturel au c\u0153ur d\u2019\u00e9paisses for\u00eats, Chamin est bien visible depuis la route r\u00e9gionale de Valgrisenche, avant d\u2019arriver \u00e0&nbsp;<a href=\"https:\/\/arvier.eu\/fr\/arvier-et-ses-hameaux\/planaval-et-chez-les-roset.html\">Planaval<\/a>&nbsp;: l\u2019on y parvient en suivant la route communale inaugur\u00e9e en 1965qui monte depuis&nbsp;<a href=\"https:\/\/arvier.eu\/fr\/92-territoire\/arvier-et-ses-hameaux\/1196-chamencon.html\">Chamen\u00e7on<\/a>.<br>Chamin n\u2019est habit\u00e9 que pendant l\u2019\u00e9t\u00e9, par les gens qui aiment la tranquillit\u00e9 : ce ne fut qu\u2019au cours de la deuxi\u00e8me guerre mondiale que certaines familles s\u2019y install\u00e8rent en hiver aussi. Ce village est caract\u00e9ris\u00e9 par sa position centrale par rapport aux champs en terrasses, d\u2019un c\u00f4t\u00e9, et aux pr\u00e9s, de l\u2019autre : deux zones s\u00e9par\u00e9es par le sentier que suivaient autrefois les troupeaux et qui monte aux alpages de Pileo et de Bor\u00e8gne.<br>Un peu \u00e0 l\u2019\u00e9cart des maisons, l\u2019on trouve la&nbsp;<a href=\"https:\/\/arvier.eu\/fr\/biens-historiques-et-artistiques\/eglise-et-chapelles.html#CappellaChamin\">chapelle<\/a>&nbsp;rectangulaire \u00e0 chevet droit : son beau clocher est dot\u00e9 d\u2019un escalier de pierre en colima\u00e7on, adoss\u00e9 \u00e0 son c\u00f4t\u00e9 droit.<br>Sa fa\u00e7ade pr\u00e9sente une ouverture r\u00e9niforme au-dessus de la niche qui accueillait autrefois une tr\u00e8s pr\u00e9cieuse statue en alb\u00e2tre de la Vierge \u00e0 l\u2019Enfant, sculpt\u00e9e par Stefano Mossettaz entre 1421 et 1422 pour la chapelle fun\u00e9raire de l\u2019\u00e9v\u00eaque Oger Moriset, dans la cath\u00e9drale d\u2019Aoste. Achet\u00e9e par le cur\u00e9 d\u2019Arvier en 1907, cette statue est aujourd\u2019hui expos\u00e9e au mus\u00e9e du tr\u00e9sor de l\u2019\u00e9glise paroissiale. L\u2019ancienne chapelle, reconstruite en 1662, fit l\u2019objet d\u2019importants travaux de r\u00e9novation pendant la deuxi\u00e8me moiti\u00e9 du XIXe si\u00e8cle. En 1871, la chapelle et son clocher furent b\u00e9nis par l\u2019abb\u00e9 Ambroise Roux, jeune pr\u00eatre originaire du village qui \u00e9crivit, en 1910, l\u2019int\u00e9ressante monographie \u00ab La paroisse d\u2019Arvier \u2013 Son \u00e9glise, ses chapelles, ses cur\u00e9s \u2013 par un enfant du pays \u00bb. La chapelle de Chamin est aujourd\u2019hui en ruine \u00e0 cause, notamment, du glissement constant du terrain o\u00f9 elle est b\u00e2tie : elle a plusieurs fois \u00e9t\u00e9 la cible de cambrioleurs et est d\u00e9sormais compl\u00e8tement d\u00e9pouill\u00e9e.<br>Ce village abritait autrefois le si\u00e8ge de \u00ab La Confr\u00e9rie de Saint-Pantal\u00e9on \u00bb, laquelle disposait d\u2019ustensiles de cuisine, ainsi que d\u2019un service de table et de couverts qu\u2019elle mettait \u00e0 la disposition des diff\u00e9rentes familles qui s\u2019occupaient, \u00e0 tour de r\u00f4le, de l\u2019organisation de la f\u00eate patronale : \u00e0 cette occasion, l\u2019on achetait une fontine et du pain, tandis que le vin, fait par les membres de la confr\u00e9rie avec les raisins r\u00e9colt\u00e9s en automne et mis en tonneau, \u00e9tait offert aux invit\u00e9s, au pr\u00eatre et aux chantres.<br>Apr\u00e8s la messe, tout le monde se rendait au si\u00e8ge de la confr\u00e9rie, o\u00f9 des tables et des bancs avaient \u00e9t\u00e9 install\u00e9s : dans l\u2019apr\u00e8s-midi, l\u2019on dansait sur la terrasse toute proche.<\/p>\n\n\n\n<figure class=\"wp-block-image\"><a href=\"https:\/\/arvier.eu\/images\/stories\/pagine\/Capoluogo_e_Frazioni\/Chamin_2.jpg\"><img decoding=\"async\" src=\"https:\/\/arvier.eu\/images\/stories\/pagine\/Capoluogo_e_Frazioni\/Chamin_2_b.jpg\" alt=\"Chamin_2_b\" title=\"Foto Andrea Vallet\"\/><\/a><\/figure>\n\n\n\n<p><strong>Sources : &nbsp;<\/strong>&nbsp;&nbsp;<br>Ambroise Roux, La Paroisse d\u2019Arvier, Imprimerie Catholique, Aoste 1910.<br>Pro Loco di Arvier, Le Conte d\u2019eun cou, Imprimerie vald\u00f4taine, Aoste 1995.<br>AA.VV., Arvier, Una comunit\u00e0 nella Storia, Musumeci editore, Quart 2004.<br>AA.VV., Planaval, Histoire, m\u00e9moire et traditions d\u2019une petite communaut\u00e9, LeCh\u00e2teau, Aoste 2009.<br>AA.VV., Baise-Pierre, Entre histoire et souvenir, Tipografia Marcoz, Morgex 2011.<\/p>\n","protected":false},"excerpt":{"rendered":"<p>Situ\u00e9 \u00e0 flanc de montagne, sur un balcon naturel au c\u0153ur d\u2019\u00e9paisses for\u00eats, Chamin est bien visible depuis la route r\u00e9gionale de Valgrisenche, avant d\u2019arriver \u00e0&nbsp;Planaval&nbsp;: l\u2019on y parvient en suivant la route communale inaugur\u00e9e en 1965qui monte depuis&nbsp;Chamen\u00e7on.<\/p>\n","protected":false},"author":1,"featured_media":0,"parent":7240,"menu_order":2,"comment_status":"closed","ping_status":"closed","template":"","meta":{"footnotes":""},"tags":[],"class_list":["post-7401","page","type-page","status-publish","hentry"],"publishpress_future_action":{"enabled":false,"date":"2026-05-07 22:23:46","action":"change-status","newStatus":"draft","terms":[],"taxonomy":"post_tag","extraData":[]},"publishpress_future_workflow_manual_trigger":{"enabledWorkflows":[]},"_links":{"self":[{"href":"https:\/\/arvier.eu\/fr\/wp-json\/wp\/v2\/pages\/7401","targetHints":{"allow":["GET"]}}],"collection":[{"href":"https:\/\/arvier.eu\/fr\/wp-json\/wp\/v2\/pages"}],"about":[{"href":"https:\/\/arvier.eu\/fr\/wp-json\/wp\/v2\/types\/page"}],"author":[{"embeddable":true,"href":"https:\/\/arvier.eu\/fr\/wp-json\/wp\/v2\/users\/1"}],"replies":[{"embeddable":true,"href":"https:\/\/arvier.eu\/fr\/wp-json\/wp\/v2\/comments?post=7401"}],"version-history":[{"count":0,"href":"https:\/\/arvier.eu\/fr\/wp-json\/wp\/v2\/pages\/7401\/revisions"}],"up":[{"embeddable":true,"href":"https:\/\/arvier.eu\/fr\/wp-json\/wp\/v2\/pages\/7240"}],"wp:attachment":[{"href":"https:\/\/arvier.eu\/fr\/wp-json\/wp\/v2\/media?parent=7401"}],"wp:term":[{"taxonomy":"post_tag","embeddable":true,"href":"https:\/\/arvier.eu\/fr\/wp-json\/wp\/v2\/tags?post=7401"}],"curies":[{"name":"wp","href":"https:\/\/api.w.org\/{rel}","templated":true}]}}

<figure class="wp-block-image"><a href="https://arvier.eu/images/stories/pagine/Capoluogo_e_Frazioni/Chamin_1.jpg"><img decoding="async" src="https://arvier.eu/images/stories/pagine/Capoluogo_e_Frazioni/Chamin_1_b.jpg" alt="Chamin_1_b" title="Foto Andrea Vallet"/></a></figure>



<p>Situé à flanc de montagne, sur un balcon naturel au cœur d’épaisses forêts, Chamin est bien visible depuis la route régionale de Valgrisenche, avant d’arriver à&nbsp;<a href="https://arvier.eu/fr/arvier-et-ses-hameaux/planaval-et-chez-les-roset.html">Planaval</a>&nbsp;: l’on y parvient en suivant la route communale inaugurée en 1965qui monte depuis&nbsp;<a href="https://arvier.eu/fr/92-territoire/arvier-et-ses-hameaux/1196-chamencon.html">Chamençon</a>.<br>Chamin n’est habité que pendant l’été, par les gens qui aiment la tranquillité : ce ne fut qu’au cours de la deuxième guerre mondiale que certaines familles s’y installèrent en hiver aussi. Ce village est caractérisé par sa position centrale par rapport aux champs en terrasses, d’un côté, et aux prés, de l’autre : deux zones séparées par le sentier que suivaient autrefois les troupeaux et qui monte aux alpages de Pileo et de Borègne.<br>Un peu à l’écart des maisons, l’on trouve la&nbsp;<a href="https://arvier.eu/fr/biens-historiques-et-artistiques/eglise-et-chapelles.html#CappellaChamin">chapelle</a>&nbsp;rectangulaire à chevet droit : son beau clocher est doté d’un escalier de pierre en colimaçon, adossé à son côté droit.<br>Sa façade présente une ouverture réniforme au-dessus de la niche qui accueillait autrefois une très précieuse statue en albâtre de la Vierge à l’Enfant, sculptée par Stefano Mossettaz entre 1421 et 1422 pour la chapelle funéraire de l’évêque Oger Moriset, dans la cathédrale d’Aoste. Achetée par le curé d’Arvier en 1907, cette statue est aujourd’hui exposée au musée du trésor de l’église paroissiale. L’ancienne chapelle, reconstruite en 1662, fit l’objet d’importants travaux de rénovation pendant la deuxième moitié du XIXe siècle. En 1871, la chapelle et son clocher furent bénis par l’abbé Ambroise Roux, jeune prêtre originaire du village qui écrivit, en 1910, l’intéressante monographie « La paroisse d’Arvier – Son église, ses chapelles, ses curés – par un enfant du pays ». La chapelle de Chamin est aujourd’hui en ruine à cause, notamment, du glissement constant du terrain où elle est bâtie : elle a plusieurs fois été la cible de cambrioleurs et est désormais complètement dépouillée.<br>Ce village abritait autrefois le siège de « La Confrérie de Saint-Pantaléon », laquelle disposait d’ustensiles de cuisine, ainsi que d’un service de table et de couverts qu’elle mettait à la disposition des différentes familles qui s’occupaient, à tour de rôle, de l’organisation de la fête patronale : à cette occasion, l’on achetait une fontine et du pain, tandis que le vin, fait par les membres de la confrérie avec les raisins récoltés en automne et mis en tonneau, était offert aux invités, au prêtre et aux chantres.<br>Après la messe, tout le monde se rendait au siège de la confrérie, où des tables et des bancs avaient été installés : dans l’après-midi, l’on dansait sur la terrasse toute proche.</p>



<figure class="wp-block-image"><a href="https://arvier.eu/images/stories/pagine/Capoluogo_e_Frazioni/Chamin_2.jpg"><img decoding="async" src="https://arvier.eu/images/stories/pagine/Capoluogo_e_Frazioni/Chamin_2_b.jpg" alt="Chamin_2_b" title="Foto Andrea Vallet"/></a></figure>



<p><strong>Sources : &nbsp;</strong>&nbsp;&nbsp;<br>Ambroise Roux, La Paroisse d’Arvier, Imprimerie Catholique, Aoste 1910.<br>Pro Loco di Arvier, Le Conte d’eun cou, Imprimerie valdôtaine, Aoste 1995.<br>AA.VV., Arvier, Una comunità nella Storia, Musumeci editore, Quart 2004.<br>AA.VV., Planaval, Histoire, mémoire et traditions d’une petite communauté, LeChâteau, Aoste 2009.<br>AA.VV., Baise-Pierre, Entre histoire et souvenir, Tipografia Marcoz, Morgex 2011.</p>

<p>Situé à flanc de montagne, sur un balcon naturel au cœur d’épaisses forêts, Chamin est bien visible depuis la route régionale de Valgrisenche, avant d’arriver à&nbsp;Planaval&nbsp;: l’on y parvient en suivant la route communale inaugurée en 1965qui monte depuis&nbsp;Chamençon.</p>
