{"id":7403,"date":"2011-11-07T23:16:06","date_gmt":"2011-11-07T22:16:06","guid":{"rendered":"https:\/\/arvier.eu\/?page_id=7403"},"modified":"2022-03-12T11:52:19","modified_gmt":"2022-03-12T10:52:19","slug":"grand-haury","status":"publish","type":"page","link":"https:\/\/arvier.eu\/fr\/territorio\/arvier-capoluogo-e-frazioni\/grand-haury\/","title":{"rendered":"Grand-Haury"},"content":{"rendered":"\n<figure class=\"wp-block-image\"><a href=\"https:\/\/arvier.eu\/images\/stories\/pagine\/Capoluogo_e_Frazioni\/Grand_Haury_1.j\"><img decoding=\"async\" src=\"https:\/\/arvier.eu\/images\/stories\/pagine\/Capoluogo_e_Frazioni\/Grand_Haury_1_b.jpg\" alt=\"Grand_Haury_1_b\" title=\"Foto Andrea Vallet\"\/><\/a><\/figure>\n\n\n\n<p>Il primo edificio che incontriamo giungendo al Grand-Haury, a parte La Cascina (antico edificio agricolo alle dipendenze del castello di Montmayeur), \u00e8 la&nbsp;<a href=\"http:\/\/arvier.eu\/beni-storico-artistici\/chiesa-parrocchiale-e-cappelle.html#CappellaGrandHaury\"><em><\/em>cappella<\/a>&nbsp;dedicata a Santa Maria Maddalena, citata per la prima volta in un atto notarile del 1362.<br>L\u2019attuale edificio risalirebbe per\u00f2 al 1473.<br>Una leggenda tramandata dagli anziani del villaggio racconta che, molti secoli fa, si trovavano all\u2019interno della cappella due vecchie statue che rappresentavano Sant\u2019Ilario e Santa Barbara.<br>Erano molto malandate e gli abitanti del villaggio le avevano poste fuori dell\u2019edificio senza particolare cura in quanto le volevano sostituire con delle nuove.<br>Alcuni bambini le presero per giocare e le trascinarono nel fango legandole con delle corde. All\u2019istante inizi\u00f2 a piovere, come mai la gente del villaggio aveva visto: si udivano anche dei tonfi inspiegabili. Le acque fuoriuscirono dal torrente: allora gli abitanti si resero conto della loro imprudenza, presero le statue, le lavarono e le riposero al loro posto.<br>Piovve sino all\u2019alba e poi di colpo smise, allora gli abitanti andarono a controllare cosa avessero potuto causare quei tonfi. A monte del villaggio, nel bosco, videro sulla parete rocciosa delle grosse crepe mai viste prima che ancor oggi si possono notare: il villaggio aveva rischiato di essere travolto.<br>Il Grand-Haury \u00e8 caratterizzato per la posizione delle sue case lungo un asse che dalla&nbsp;<a href=\"http:\/\/arvier.eu\/beni-storico-artistici\/chiesa-parrocchiale-e-cappelle.html#CappellaGrandHaury\"><em><\/em>cappella<\/a>&nbsp;va verso il mulino, passando lungo il&nbsp;<a href=\"http:\/\/arvier.eu\/cottura-del-pane.html\"><em><\/em>forno<\/a>&nbsp;che \u00e8 stato recentemente restaurato e che viene utilizzato anche per momenti conviviali.<br>Le abitazioni sono quasi state tutte ristrutturate con attenzione e gusto ed alcune ospitano delle attivit\u00e0 turistico-ricettive che portano numerose persone nel villaggio dove,&nbsp; in estate, si trasferiscono numerose famiglie del comune.<br>Prima del villaggio, sotto la strada comunale, vi \u00e8 un\u2019antica segheria ad acqua di propriet\u00e0 della famiglia Pontal, mentre nei pressi della frazione, su di uno sperone roccioso, sorge l\u2019antico&nbsp;<a href=\"http:\/\/arvier.eu\/beni-storico-artistici\/castelli.html#CastelloMontmayeur\"><em><\/em>castello di Montmayeur<\/a>, dall\u2019aspetto, pi\u00f9 che di un castello residenziale, di un recinto fortificato con funzione militare.<br>Il castello fu fondato nel 1271, quando Anselmo e Aimone d\u2019Avise ricevettero da Filippo di Savoia il permesso per la sua costruzione.<br>Tale data \u00e8 confermata dalle recenti risultanze delle rilevazioni dendrometriche effettuate su campioni lignei prelevati sia nel torrione che nelle mura di cinta.<br>Caratteristico \u00e8 il coronamento merlato a coda di rondine della torre che misura circa 12 metri di altezza con muri spessi pi\u00f9 di 2 metri: la porta d\u2019ingresso si trova a livello del primo piano.<br>Il castello, che per la sua collocazione geografica&nbsp; \u00e8 uno dei pi\u00f9 suggestivi della Valle d\u2019Aosta, fu poi ceduto ai Savoia nel XIV secolo, per essere poi infeudato agli Avise ed essere progressivamente abbandonato.<br>Oggi il castello \u00e8 di propriet\u00e0 privata e talvolta, nei suoi pressi, si avventurano i cercatori dell\u2019antico tesoro che si narra fu nascosto dal Signore di Montmayeur.<\/p>\n\n\n\n<figure class=\"wp-block-image\"><a href=\"https:\/\/arvier.eu\/images\/stories\/pagine\/Capoluogo_e_Frazioni\/Grand_Haury_2.jpg\"><img decoding=\"async\" src=\"https:\/\/arvier.eu\/images\/stories\/pagine\/Capoluogo_e_Frazioni\/Grand_Haury_2_b.jpg\" alt=\"Grand_Haury_2_b\" title=\"Foto Andrea Vallet\"\/><\/a><\/figure>\n\n\n\n<p><strong>Fonti: &nbsp;<\/strong>&nbsp;&nbsp;<br>Ambroise Roux, La Paroisse d\u2019Arvier, Imprimerie Catholique, Aoste 1910.<br>Pro Loco di Arvier, Le Conte d\u2019eun cou, Imprimerie vald\u00f4taine, Aoste 1995.<br>AA.VV., Arvier, Una comunit\u00e0 nella Storia, Musumeci editore, Quart 2004.<br>AA.VV., Planaval, Histoire, m\u00e9moire et traditions d\u2019une petite communaut\u00e9, LeCh\u00e2teau, Aoste 2009.<br>AA.VV., Baise-Pierre, Entre histoire et souvenir, Tipografia Marcoz, Morgex 2011.<\/p>\n","protected":false},"excerpt":{"rendered":"<p>Il primo edificio che incontriamo giungendo al Grand-Haury, a parte La Cascina (antico edificio agricolo alle dipendenze del castello di Montmayeur), \u00e8 la&nbsp;cappella&nbsp;dedicata a Santa Maria Maddalena, citata per la prima volta in un atto notarile del 1362.<\/p>\n","protected":false},"author":1,"featured_media":0,"parent":7240,"menu_order":5,"comment_status":"closed","ping_status":"closed","template":"","meta":{"footnotes":""},"tags":[],"class_list":["post-7403","page","type-page","status-publish","hentry"],"publishpress_future_action":{"enabled":false,"date":"2026-05-07 23:57:10","action":"change-status","newStatus":"draft","terms":[],"taxonomy":"post_tag","extraData":[]},"publishpress_future_workflow_manual_trigger":{"enabledWorkflows":[]},"_links":{"self":[{"href":"https:\/\/arvier.eu\/fr\/wp-json\/wp\/v2\/pages\/7403","targetHints":{"allow":["GET"]}}],"collection":[{"href":"https:\/\/arvier.eu\/fr\/wp-json\/wp\/v2\/pages"}],"about":[{"href":"https:\/\/arvier.eu\/fr\/wp-json\/wp\/v2\/types\/page"}],"author":[{"embeddable":true,"href":"https:\/\/arvier.eu\/fr\/wp-json\/wp\/v2\/users\/1"}],"replies":[{"embeddable":true,"href":"https:\/\/arvier.eu\/fr\/wp-json\/wp\/v2\/comments?post=7403"}],"version-history":[{"count":0,"href":"https:\/\/arvier.eu\/fr\/wp-json\/wp\/v2\/pages\/7403\/revisions"}],"up":[{"embeddable":true,"href":"https:\/\/arvier.eu\/fr\/wp-json\/wp\/v2\/pages\/7240"}],"wp:attachment":[{"href":"https:\/\/arvier.eu\/fr\/wp-json\/wp\/v2\/media?parent=7403"}],"wp:term":[{"taxonomy":"post_tag","embeddable":true,"href":"https:\/\/arvier.eu\/fr\/wp-json\/wp\/v2\/tags?post=7403"}],"curies":[{"name":"wp","href":"https:\/\/api.w.org\/{rel}","templated":true}]}}

<figure class="wp-block-image"><a href="https://arvier.eu/images/stories/pagine/Capoluogo_e_Frazioni/Grand_Haury_1.j"><img decoding="async" src="https://arvier.eu/images/stories/pagine/Capoluogo_e_Frazioni/Grand_Haury_1_b.jpg" alt="Grand_Haury_1_b" title="Foto Andrea Vallet"/></a></figure>



<p>Il primo edificio che incontriamo giungendo al Grand-Haury, a parte La Cascina (antico edificio agricolo alle dipendenze del castello di Montmayeur), è la&nbsp;<a href="http://arvier.eu/beni-storico-artistici/chiesa-parrocchiale-e-cappelle.html#CappellaGrandHaury"><em></em>cappella</a>&nbsp;dedicata a Santa Maria Maddalena, citata per la prima volta in un atto notarile del 1362.<br>L’attuale edificio risalirebbe però al 1473.<br>Una leggenda tramandata dagli anziani del villaggio racconta che, molti secoli fa, si trovavano all’interno della cappella due vecchie statue che rappresentavano Sant’Ilario e Santa Barbara.<br>Erano molto malandate e gli abitanti del villaggio le avevano poste fuori dell’edificio senza particolare cura in quanto le volevano sostituire con delle nuove.<br>Alcuni bambini le presero per giocare e le trascinarono nel fango legandole con delle corde. All’istante iniziò a piovere, come mai la gente del villaggio aveva visto: si udivano anche dei tonfi inspiegabili. Le acque fuoriuscirono dal torrente: allora gli abitanti si resero conto della loro imprudenza, presero le statue, le lavarono e le riposero al loro posto.<br>Piovve sino all’alba e poi di colpo smise, allora gli abitanti andarono a controllare cosa avessero potuto causare quei tonfi. A monte del villaggio, nel bosco, videro sulla parete rocciosa delle grosse crepe mai viste prima che ancor oggi si possono notare: il villaggio aveva rischiato di essere travolto.<br>Il Grand-Haury è caratterizzato per la posizione delle sue case lungo un asse che dalla&nbsp;<a href="http://arvier.eu/beni-storico-artistici/chiesa-parrocchiale-e-cappelle.html#CappellaGrandHaury"><em></em>cappella</a>&nbsp;va verso il mulino, passando lungo il&nbsp;<a href="http://arvier.eu/cottura-del-pane.html"><em></em>forno</a>&nbsp;che è stato recentemente restaurato e che viene utilizzato anche per momenti conviviali.<br>Le abitazioni sono quasi state tutte ristrutturate con attenzione e gusto ed alcune ospitano delle attività turistico-ricettive che portano numerose persone nel villaggio dove,&nbsp; in estate, si trasferiscono numerose famiglie del comune.<br>Prima del villaggio, sotto la strada comunale, vi è un’antica segheria ad acqua di proprietà della famiglia Pontal, mentre nei pressi della frazione, su di uno sperone roccioso, sorge l’antico&nbsp;<a href="http://arvier.eu/beni-storico-artistici/castelli.html#CastelloMontmayeur"><em></em>castello di Montmayeur</a>, dall’aspetto, più che di un castello residenziale, di un recinto fortificato con funzione militare.<br>Il castello fu fondato nel 1271, quando Anselmo e Aimone d’Avise ricevettero da Filippo di Savoia il permesso per la sua costruzione.<br>Tale data è confermata dalle recenti risultanze delle rilevazioni dendrometriche effettuate su campioni lignei prelevati sia nel torrione che nelle mura di cinta.<br>Caratteristico è il coronamento merlato a coda di rondine della torre che misura circa 12 metri di altezza con muri spessi più di 2 metri: la porta d’ingresso si trova a livello del primo piano.<br>Il castello, che per la sua collocazione geografica&nbsp; è uno dei più suggestivi della Valle d’Aosta, fu poi ceduto ai Savoia nel XIV secolo, per essere poi infeudato agli Avise ed essere progressivamente abbandonato.<br>Oggi il castello è di proprietà privata e talvolta, nei suoi pressi, si avventurano i cercatori dell’antico tesoro che si narra fu nascosto dal Signore di Montmayeur.</p>



<figure class="wp-block-image"><a href="https://arvier.eu/images/stories/pagine/Capoluogo_e_Frazioni/Grand_Haury_2.jpg"><img decoding="async" src="https://arvier.eu/images/stories/pagine/Capoluogo_e_Frazioni/Grand_Haury_2_b.jpg" alt="Grand_Haury_2_b" title="Foto Andrea Vallet"/></a></figure>



<p><strong>Fonti: &nbsp;</strong>&nbsp;&nbsp;<br>Ambroise Roux, La Paroisse d’Arvier, Imprimerie Catholique, Aoste 1910.<br>Pro Loco di Arvier, Le Conte d’eun cou, Imprimerie valdôtaine, Aoste 1995.<br>AA.VV., Arvier, Una comunità nella Storia, Musumeci editore, Quart 2004.<br>AA.VV., Planaval, Histoire, mémoire et traditions d’une petite communauté, LeChâteau, Aoste 2009.<br>AA.VV., Baise-Pierre, Entre histoire et souvenir, Tipografia Marcoz, Morgex 2011.</p>

<p>Il primo edificio che incontriamo giungendo al Grand-Haury, a parte La Cascina (antico edificio agricolo alle dipendenze del castello di Montmayeur), è la&nbsp;cappella&nbsp;dedicata a Santa Maria Maddalena, citata per la prima volta in un atto notarile del 1362.</p>
