{"id":7405,"date":"2011-11-07T23:18:05","date_gmt":"2011-11-07T22:18:05","guid":{"rendered":"https:\/\/arvier.eu\/?page_id=7405"},"modified":"2022-03-12T11:52:56","modified_gmt":"2022-03-12T10:52:56","slug":"la-crete","status":"publish","type":"page","link":"https:\/\/arvier.eu\/fr\/territorio\/arvier-capoluogo-e-frazioni\/la-crete\/","title":{"rendered":"La Cr\u00eate"},"content":{"rendered":"\n<figure class=\"wp-block-image\"><a href=\"https:\/\/arvier.eu\/images\/stories\/pagine\/Capoluogo_e_Frazioni\/La_Crete_1.jpg\"><img decoding=\"async\" src=\"https:\/\/arvier.eu\/images\/stories\/pagine\/Capoluogo_e_Frazioni\/La_Crete_1_b.jpg\" alt=\"La_Crete_1_b\" title=\"Foto Andrea Vallet\"\/><\/a><\/figure>\n\n\n\n<p>Non loin du chef-lieu, apr\u00e8s les hameaux de&nbsp;<a href=\"https:\/\/arvier.eu\/fr\/92-territoire\/arvier-et-ses-hameaux\/1188-chez-les-fournier-e-chez-les-moget.html\">Chez-les-Fournier et de Chez-les-Moget<\/a>, l\u2019on trouve le hameau de La Cr\u00eate.<br>Autrefois, son centre historique, dont les maisons sont tr\u00e8s proches les unes des autres, fut habit\u00e9 par des familles de notables (comme les Martinet, au XVIIe si\u00e8cle) et, d\u2019apr\u00e8s ce que l\u2019on dit, accueillit aussi un tribunal.<br>C\u2019est \u00e0 La Cr\u00eate et dans le bourg de Leverogne que se trouvent les \u00e9l\u00e9ments architecturaux les plus pr\u00e9cieux de la commune.<br>L\u2019on peut notamment admirer, \u00e0 La Cr\u00eate, l\u2019ancienne maison o\u00f9 se trouvait l\u2019\u00e9tude d\u2019un notaire, avec sa fen\u00eatre en pierre, o\u00f9 sont sculpt\u00e9s la croix et le symbole de la Maison de Savoie : sur tout le territoire de la commune, il s\u2019en trouve seulement quatre autres de la m\u00eame facture.<br>En amont du village, le long du canal d\u2019irrigation \u00ab Eaux Sourdes \u00bb au lieu-dit Les Bauses, l\u2019on d\u00e9couvre les vestiges d\u2019une scierie hydraulique. Joseph Gadin la construisit en 1899, apr\u00e8s avoir pass\u00e9 un accord avec l\u2019administration communale : celle-ci l\u2019autorisa \u00e0 la b\u00e2tir, mais lui, en \u00e9change, dut pr\u00e9parer gratuitement le bois n\u00e9cessaire \u00e0 l\u2019entretien de trois ponts communaux.<br>L\u2019acte de fondation remonte \u00e0 1630, en pleine \u00e9pid\u00e9mie de peste, si bien qu\u2019il fut sign\u00e9 en rase campagne et que la c\u00e9r\u00e9monie fut assortie d\u2019une pri\u00e8re au Seigneur pour qu\u2019il arr\u00eate ce fl\u00e9au qui, en six mois, provoqua la mort de 365 personnes.<br>Selon la l\u00e9gende, la population d\u2019Arvier \u00e9tait, en revanche, sortie indemne de l\u2019\u00e9pid\u00e9mie pr\u00e9c\u00e9dente, en 1585, gr\u00e2ce \u00e0 l\u2019intercession des saints Roch et S\u00e9bastien.<br>Actuellement, le village est partiellement habit\u00e9 par des familles qui ont r\u00e9nov\u00e9 certaines maisons, mais il reste en grande partie \u00e0 l\u2019abandon.<\/p>\n\n\n\n<figure class=\"wp-block-image\"><a href=\"https:\/\/arvier.eu\/images\/stories\/pagine\/Capoluogo_e_Frazioni\/La_Crete_2.jpg\"><img decoding=\"async\" src=\"https:\/\/arvier.eu\/images\/stories\/pagine\/Capoluogo_e_Frazioni\/La_Crete_2_b.jpg\" alt=\"La_Crete_2_b\" title=\"Foto Andrea Vallet\"\/><\/a><\/figure>\n\n\n\n<p><strong>Sources : &nbsp;<\/strong>&nbsp;&nbsp;<br>Ambroise Roux, La Paroisse d\u2019Arvier, Imprimerie Catholique, Aoste 1910.<br>Pro Loco di Arvier, Le Conte d\u2019eun cou, Imprimerie vald\u00f4taine, Aoste 1995.<br>AA.VV., Arvier, Una comunit\u00e0 nella Storia, Musumeci editore, Quart 2004.<br>AA.VV., Planaval, Histoire, m\u00e9moire et traditions d\u2019une petite communaut\u00e9, LeCh\u00e2teau, Aoste 2009.<br>AA.VV., Baise-Pierre, Entre histoire et souvenir, Tipografia Marcoz, Morgex 2011.<\/p>\n","protected":false},"excerpt":{"rendered":"<p>Non loin du chef-lieu, apr\u00e8s les hameaux de&nbsp;Chez-les-Fournier et de Chez-les-Moget, l\u2019on trouve le hameau de La Cr\u00eate.<\/p>\n","protected":false},"author":1,"featured_media":0,"parent":7240,"menu_order":6,"comment_status":"closed","ping_status":"closed","template":"","meta":{"footnotes":""},"tags":[],"class_list":["post-7405","page","type-page","status-publish","hentry"],"publishpress_future_action":{"enabled":false,"date":"2026-05-08 00:56:21","action":"change-status","newStatus":"draft","terms":[],"taxonomy":"post_tag","extraData":[]},"publishpress_future_workflow_manual_trigger":{"enabledWorkflows":[]},"_links":{"self":[{"href":"https:\/\/arvier.eu\/fr\/wp-json\/wp\/v2\/pages\/7405","targetHints":{"allow":["GET"]}}],"collection":[{"href":"https:\/\/arvier.eu\/fr\/wp-json\/wp\/v2\/pages"}],"about":[{"href":"https:\/\/arvier.eu\/fr\/wp-json\/wp\/v2\/types\/page"}],"author":[{"embeddable":true,"href":"https:\/\/arvier.eu\/fr\/wp-json\/wp\/v2\/users\/1"}],"replies":[{"embeddable":true,"href":"https:\/\/arvier.eu\/fr\/wp-json\/wp\/v2\/comments?post=7405"}],"version-history":[{"count":0,"href":"https:\/\/arvier.eu\/fr\/wp-json\/wp\/v2\/pages\/7405\/revisions"}],"up":[{"embeddable":true,"href":"https:\/\/arvier.eu\/fr\/wp-json\/wp\/v2\/pages\/7240"}],"wp:attachment":[{"href":"https:\/\/arvier.eu\/fr\/wp-json\/wp\/v2\/media?parent=7405"}],"wp:term":[{"taxonomy":"post_tag","embeddable":true,"href":"https:\/\/arvier.eu\/fr\/wp-json\/wp\/v2\/tags?post=7405"}],"curies":[{"name":"wp","href":"https:\/\/api.w.org\/{rel}","templated":true}]}}

La Crête

<figure class="wp-block-image"><a href="https://arvier.eu/images/stories/pagine/Capoluogo_e_Frazioni/La_Crete_1.jpg"><img decoding="async" src="https://arvier.eu/images/stories/pagine/Capoluogo_e_Frazioni/La_Crete_1_b.jpg" alt="La_Crete_1_b" title="Foto Andrea Vallet"/></a></figure>



<p>Non loin du chef-lieu, après les hameaux de&nbsp;<a href="https://arvier.eu/fr/92-territoire/arvier-et-ses-hameaux/1188-chez-les-fournier-e-chez-les-moget.html">Chez-les-Fournier et de Chez-les-Moget</a>, l’on trouve le hameau de La Crête.<br>Autrefois, son centre historique, dont les maisons sont très proches les unes des autres, fut habité par des familles de notables (comme les Martinet, au XVIIe siècle) et, d’après ce que l’on dit, accueillit aussi un tribunal.<br>C’est à La Crête et dans le bourg de Leverogne que se trouvent les éléments architecturaux les plus précieux de la commune.<br>L’on peut notamment admirer, à La Crête, l’ancienne maison où se trouvait l’étude d’un notaire, avec sa fenêtre en pierre, où sont sculptés la croix et le symbole de la Maison de Savoie : sur tout le territoire de la commune, il s’en trouve seulement quatre autres de la même facture.<br>En amont du village, le long du canal d’irrigation « Eaux Sourdes » au lieu-dit Les Bauses, l’on découvre les vestiges d’une scierie hydraulique. Joseph Gadin la construisit en 1899, après avoir passé un accord avec l’administration communale : celle-ci l’autorisa à la bâtir, mais lui, en échange, dut préparer gratuitement le bois nécessaire à l’entretien de trois ponts communaux.<br>L’acte de fondation remonte à 1630, en pleine épidémie de peste, si bien qu’il fut signé en rase campagne et que la cérémonie fut assortie d’une prière au Seigneur pour qu’il arrête ce fléau qui, en six mois, provoqua la mort de 365 personnes.<br>Selon la légende, la population d’Arvier était, en revanche, sortie indemne de l’épidémie précédente, en 1585, grâce à l’intercession des saints Roch et Sébastien.<br>Actuellement, le village est partiellement habité par des familles qui ont rénové certaines maisons, mais il reste en grande partie à l’abandon.</p>



<figure class="wp-block-image"><a href="https://arvier.eu/images/stories/pagine/Capoluogo_e_Frazioni/La_Crete_2.jpg"><img decoding="async" src="https://arvier.eu/images/stories/pagine/Capoluogo_e_Frazioni/La_Crete_2_b.jpg" alt="La_Crete_2_b" title="Foto Andrea Vallet"/></a></figure>



<p><strong>Sources : &nbsp;</strong>&nbsp;&nbsp;<br>Ambroise Roux, La Paroisse d’Arvier, Imprimerie Catholique, Aoste 1910.<br>Pro Loco di Arvier, Le Conte d’eun cou, Imprimerie valdôtaine, Aoste 1995.<br>AA.VV., Arvier, Una comunità nella Storia, Musumeci editore, Quart 2004.<br>AA.VV., Planaval, Histoire, mémoire et traditions d’une petite communauté, LeChâteau, Aoste 2009.<br>AA.VV., Baise-Pierre, Entre histoire et souvenir, Tipografia Marcoz, Morgex 2011.</p>

<p>Non loin du chef-lieu, après les hameaux de&nbsp;Chez-les-Fournier et de Chez-les-Moget, l’on trouve le hameau de La Crête.</p>
