{"id":7407,"date":"2021-11-26T11:56:54","date_gmt":"2021-11-26T10:56:54","guid":{"rendered":"https:\/\/arvier.eu\/?page_id=7407"},"modified":"2022-03-12T11:53:40","modified_gmt":"2022-03-12T10:53:40","slug":"la-ravoire","status":"publish","type":"page","link":"https:\/\/arvier.eu\/fr\/territorio\/arvier-capoluogo-e-frazioni\/la-ravoire\/","title":{"rendered":"La Ravoire"},"content":{"rendered":"\n<figure class=\"wp-block-image\"><a href=\"https:\/\/arvier.eu\/images\/stories\/pagine\/Capoluogo_e_Frazioni\/La_Ravoire_1.jpg\"><img decoding=\"async\" src=\"https:\/\/arvier.eu\/images\/stories\/pagine\/Capoluogo_e_Frazioni\/La_Ravoire_1_b.jpg\" alt=\"La_Ravoire_1_b\" title=\"Foto Andrea Vallet\"\/><\/a><\/figure>\n\n\n\n<p>Si l\u2019on prend la route r\u00e9gionale du Valgrisenche, \u00e0 la sortie d\u2019un virage apr\u00e8s le hameau de&nbsp;<a href=\"https:\/\/arvier.eu\/fr\/arvier-et-ses-hameaux\/rochefort-fr.html\">Rochefort<\/a>, , l\u2019on peut admirer la belle fa\u00e7ade de la&nbsp;<a href=\"https:\/\/arvier.eu\/fr\/biens-historiques-et-artistiques\/eglise-et-chapelles.html\">chapelle de La Ravoire<\/a>, qui fut fond\u00e9e en 1609.<br>Au XIXe si\u00e8cle, le peintre Grange la d\u00e9cora d\u2019une repr\u00e9sentation de la Vierge, entre saint Pierre et sainte Barbe, les patrons du village, dans un cadre surmont\u00e9 de guirlandes.<br>De l\u2019autre c\u00f4t\u00e9 de la route, l\u2019on peut admirer les anciennes maisons du village, autrefois entour\u00e9es de magnifiques pergolas de vigne, les toupie di pri\u00e9.<br>\u00c0 la fin du XXe si\u00e8cle, La Ravoire comptait jusqu\u2019\u00e0 80 habitants et une \u00e9cole y avait \u00e9t\u00e9 fond\u00e9e en 1810 par Jean-Fran\u00e7ois Bovet, cur\u00e9 de Valgrisenche, originaire du hameau. Pr\u00e8s de la chapelle, se trouvait un moulin o\u00f9 les habitants apportaient le bl\u00e9 r\u00e9colt\u00e9 dans les champs en amont alors qu\u2019en hiver ils cuisaient le pain de seigle de l\u2019ann\u00e9e dans les deux fours locaux.<br>Selon l\u2019abb\u00e9 Henry, le toponyme \u00ab La Ravoire \u00bb \u2013 en patois, La Rouii \u2013 viendrait du latin rapa et serait donc li\u00e9 \u00e0 la pr\u00e9sence d\u2019un champ de navets, alors que, d\u2019apr\u00e8s les linguistes Bossard et Chavan, il s\u2019agirait plut\u00f4t d\u2019une \u00e9volution du latin populaire robur, ch\u00eane.<br>\u00c0 La Ravoire, il est possible d\u2019admirer non seulement de belles maisons anciennes, mais aussi un vieux grenier, o\u00f9 l\u2019on conservait autrefois la nourriture et les c\u00e9r\u00e9ales, et qui, d\u2019apr\u00e8s les analyses dendrochronologiques, semble avoir \u00e9t\u00e9 construit avec le bois d\u2019arbres abattus en automne ou en hiver 1415-1416, il y a donc quelques 600 ans !<\/p>\n\n\n\n<figure class=\"wp-block-image\"><a href=\"https:\/\/arvier.eu\/images\/stories\/pagine\/Capoluogo_e_Frazioni\/La_Ravoire_2.jpg\"><img decoding=\"async\" src=\"https:\/\/arvier.eu\/images\/stories\/pagine\/Capoluogo_e_Frazioni\/La_Ravoire_2_b.jpg\" alt=\"La_Ravoire_2_b\" title=\"Foto Andrea Vallet\"\/><\/a><\/figure>\n\n\n\n<p><strong>Sources : &nbsp;<\/strong>&nbsp;&nbsp;<br>Ambroise Roux, La Paroisse d\u2019Arvier, Imprimerie Catholique, Aoste 1910.<br>Pro Loco di Arvier, Le Conte d\u2019eun cou, Imprimerie vald\u00f4taine, Aoste 1995.<br>AA.VV., Arvier, Una comunit\u00e0 nella Storia, Musumeci editore, Quart 2004.<br>AA.VV., Planaval, Histoire, m\u00e9moire et traditions d\u2019une petite communaut\u00e9, Le Ch\u00e2teau, Aoste 2009.<br>AA.VV., Baise-Pierre, Entre histoire et souvenir, Tipografia Marcoz, Morgex 2011.<\/p>\n","protected":false},"excerpt":{"rendered":"<p>Si l\u2019on prend la route r\u00e9gionale du Valgrisenche, \u00e0 la sortie d\u2019un virage apr\u00e8s le hameau de&nbsp;Rochefort, , l\u2019on peut admirer la belle fa\u00e7ade de la&nbsp;chapelle de La Ravoire, qui fut fond\u00e9e en 1609.<\/p>\n","protected":false},"author":1,"featured_media":0,"parent":7240,"menu_order":7,"comment_status":"closed","ping_status":"closed","template":"","meta":{"footnotes":""},"tags":[],"class_list":["post-7407","page","type-page","status-publish","hentry"],"publishpress_future_action":{"enabled":false,"date":"2026-05-07 23:57:10","action":"change-status","newStatus":"draft","terms":[],"taxonomy":"post_tag","extraData":[]},"publishpress_future_workflow_manual_trigger":{"enabledWorkflows":[]},"_links":{"self":[{"href":"https:\/\/arvier.eu\/fr\/wp-json\/wp\/v2\/pages\/7407","targetHints":{"allow":["GET"]}}],"collection":[{"href":"https:\/\/arvier.eu\/fr\/wp-json\/wp\/v2\/pages"}],"about":[{"href":"https:\/\/arvier.eu\/fr\/wp-json\/wp\/v2\/types\/page"}],"author":[{"embeddable":true,"href":"https:\/\/arvier.eu\/fr\/wp-json\/wp\/v2\/users\/1"}],"replies":[{"embeddable":true,"href":"https:\/\/arvier.eu\/fr\/wp-json\/wp\/v2\/comments?post=7407"}],"version-history":[{"count":0,"href":"https:\/\/arvier.eu\/fr\/wp-json\/wp\/v2\/pages\/7407\/revisions"}],"up":[{"embeddable":true,"href":"https:\/\/arvier.eu\/fr\/wp-json\/wp\/v2\/pages\/7240"}],"wp:attachment":[{"href":"https:\/\/arvier.eu\/fr\/wp-json\/wp\/v2\/media?parent=7407"}],"wp:term":[{"taxonomy":"post_tag","embeddable":true,"href":"https:\/\/arvier.eu\/fr\/wp-json\/wp\/v2\/tags?post=7407"}],"curies":[{"name":"wp","href":"https:\/\/api.w.org\/{rel}","templated":true}]}}

<figure class="wp-block-image"><a href="https://arvier.eu/images/stories/pagine/Capoluogo_e_Frazioni/La_Ravoire_1.jpg"><img decoding="async" src="https://arvier.eu/images/stories/pagine/Capoluogo_e_Frazioni/La_Ravoire_1_b.jpg" alt="La_Ravoire_1_b" title="Foto Andrea Vallet"/></a></figure>



<p>Si l’on prend la route régionale du Valgrisenche, à la sortie d’un virage après le hameau de&nbsp;<a href="https://arvier.eu/fr/arvier-et-ses-hameaux/rochefort-fr.html">Rochefort</a>, , l’on peut admirer la belle façade de la&nbsp;<a href="https://arvier.eu/fr/biens-historiques-et-artistiques/eglise-et-chapelles.html">chapelle de La Ravoire</a>, qui fut fondée en 1609.<br>Au XIXe siècle, le peintre Grange la décora d’une représentation de la Vierge, entre saint Pierre et sainte Barbe, les patrons du village, dans un cadre surmonté de guirlandes.<br>De l’autre côté de la route, l’on peut admirer les anciennes maisons du village, autrefois entourées de magnifiques pergolas de vigne, les toupie di prié.<br>À la fin du XXe siècle, La Ravoire comptait jusqu’à 80 habitants et une école y avait été fondée en 1810 par Jean-François Bovet, curé de Valgrisenche, originaire du hameau. Près de la chapelle, se trouvait un moulin où les habitants apportaient le blé récolté dans les champs en amont alors qu’en hiver ils cuisaient le pain de seigle de l’année dans les deux fours locaux.<br>Selon l’abbé Henry, le toponyme « La Ravoire » – en patois, La Rouii – viendrait du latin rapa et serait donc lié à la présence d’un champ de navets, alors que, d’après les linguistes Bossard et Chavan, il s’agirait plutôt d’une évolution du latin populaire robur, chêne.<br>À La Ravoire, il est possible d’admirer non seulement de belles maisons anciennes, mais aussi un vieux grenier, où l’on conservait autrefois la nourriture et les céréales, et qui, d’après les analyses dendrochronologiques, semble avoir été construit avec le bois d’arbres abattus en automne ou en hiver 1415-1416, il y a donc quelques 600 ans !</p>



<figure class="wp-block-image"><a href="https://arvier.eu/images/stories/pagine/Capoluogo_e_Frazioni/La_Ravoire_2.jpg"><img decoding="async" src="https://arvier.eu/images/stories/pagine/Capoluogo_e_Frazioni/La_Ravoire_2_b.jpg" alt="La_Ravoire_2_b" title="Foto Andrea Vallet"/></a></figure>



<p><strong>Sources : &nbsp;</strong>&nbsp;&nbsp;<br>Ambroise Roux, La Paroisse d’Arvier, Imprimerie Catholique, Aoste 1910.<br>Pro Loco di Arvier, Le Conte d’eun cou, Imprimerie valdôtaine, Aoste 1995.<br>AA.VV., Arvier, Una comunità nella Storia, Musumeci editore, Quart 2004.<br>AA.VV., Planaval, Histoire, mémoire et traditions d’une petite communauté, Le Château, Aoste 2009.<br>AA.VV., Baise-Pierre, Entre histoire et souvenir, Tipografia Marcoz, Morgex 2011.</p>

<p>Si l’on prend la route régionale du Valgrisenche, à la sortie d’un virage après le hameau de&nbsp;Rochefort, , l’on peut admirer la belle façade de la&nbsp;chapelle de La Ravoire, qui fut fondée en 1609.</p>
