{"id":7409,"date":"2011-11-07T23:19:19","date_gmt":"2011-11-07T22:19:19","guid":{"rendered":"https:\/\/arvier.eu\/?page_id=7409"},"modified":"2022-03-12T11:55:35","modified_gmt":"2022-03-12T10:55:35","slug":"chez-les-fournier-et-chez-les-moget","status":"publish","type":"page","link":"https:\/\/arvier.eu\/fr\/territorio\/arvier-capoluogo-e-frazioni\/chez-les-fournier-et-chez-les-moget\/","title":{"rendered":"Chez-Les-Fournier et Chez-Les-Moget"},"content":{"rendered":"\n<figure class=\"wp-block-image\"><a href=\"https:\/\/arvier.eu\/images\/stories\/pagine\/Capoluogo_e_Frazioni\/Chez_Les_Fournier.jpeg\"><img decoding=\"async\" src=\"https:\/\/arvier.eu\/images\/stories\/pagine\/Capoluogo_e_Frazioni\/Chez_Les_Fournierb.jpg\" alt=\"Chez Les Fournierb\" title=\"Foto Andrea Vallet\"\/><\/a><\/figure>\n\n\n\n<p>Les deux agglom\u00e9rations distinctes de Chez-les-Fournier (en patois Tchu Fourgn\u00ec) et de Chez-les-Moget (Tchu Modz\u00e8) se trouvent pr\u00e8s du chef-lieu, le long de la route qui relie ce dernier aux hameaux hauts du&nbsp;<a href=\"https:\/\/arvier.eu\/fr\/arvier-et-ses-hameaux\/verney-fr.html\">Verney<\/a>, du&nbsp;<a href=\"https:\/\/arvier.eu\/fr\/arvier-et-ses-hameaux\/petit-haury-fr.html\">Petit-Haury<\/a>&nbsp;et du&nbsp;<a href=\"https:\/\/arvier.eu\/fr\/92-territoire\/arvier-et-ses-hameaux\/1191-grand-haury.html\">Grand-Haury<\/a>&nbsp;et qui passe \u00e0 c\u00f4t\u00e9 du village de&nbsp;<a href=\"https:\/\/arvier.eu\/fr\/92-territoire\/arvier-et-ses-hameaux\/1189-la-crete.html\">La Cr\u00eate<\/a>.<br>Les toponymes Chez-les-Fournier et Chez-les-Moget, tout comme plusieurs autres du territoire communal (<a href=\"https:\/\/arvier.eu\/fr\/arvier-et-ses-hameaux\/chez-les-garin-fr.html\">Chez-les-Garin<\/a>, Chez-les-Roset, Chez-les-Gex, Chez-les-Sage\/Chez-les-Moulins, Chez-les-Vection et Chez-les-Thomasset) sont issus des anthroponymes, c\u2019est-\u00e0-dire des noms des familles qui habitaient l\u00e0, \u00e0 l\u2019origine.<br>En 1875, cinquante-huit personnes habitaient au hameau de Chez-les-Fournier, alors qu\u2019une seule famille de cinq personnes vivait \u00e0 Chez-les-Moget. De nos jours, les deux hameaux sont tr\u00e8s peupl\u00e9s, notamment du fait de la construction de nouvelles habitations.<\/p>\n\n\n\n<figure class=\"wp-block-image\"><img decoding=\"async\" src=\"https:\/\/arvier.eu\/images\/stories\/pagine\/Capoluogo_e_Frazioni\/Chez_Les_Moget.jpg\" alt=\"Chez Les Moget\" title=\"Foto Andrea Vallet\"\/><\/figure>\n\n\n\n<p><strong>Sources :<\/strong><br>Ambroise Roux, La Paroisse d\u2019Arvier, Imprimerie Catholique, Aoste 1910.<br>Pro Loco di Arvier, Le Conte d\u2019eun cou, Imprimerie vald\u00f4taine, Aoste 1995.<br>AA.VV., Arvier, Una comunit\u00e0 nella Storia, Musumeci editore, Quart 2004.<br>AA.VV., Planaval, Histoire, m\u00e9moire et traditions d\u2019une petite communaut\u00e9, LeCh\u00e2teau, Aoste 2009.<br>AA.VV., Baise-Pierre, Entre histoire et souvenir, Tipografia Marcoz, Morgex 2011.<\/p>\n","protected":false},"excerpt":{"rendered":"<p>Les deux agglom\u00e9rations distinctes de Chez-les-Fournier (en patois Tchu Fourgn\u00ec) et de Chez-les-Moget (Tchu Modz\u00e8) se trouvent pr\u00e8s du chef-lieu, le long de la route qui relie ce dernier aux hameaux hauts du&nbsp;Verney, du&nbsp;Petit-Haury&nbsp;et du&nbsp;Grand-Haury&nbsp;et qui passe \u00e0 c\u00f4t\u00e9 du village de&nbsp;La Cr\u00eate.<\/p>\n","protected":false},"author":1,"featured_media":0,"parent":7240,"menu_order":3,"comment_status":"closed","ping_status":"closed","template":"","meta":{"footnotes":""},"tags":[],"class_list":["post-7409","page","type-page","status-publish","hentry"],"publishpress_future_action":{"enabled":false,"date":"2026-05-07 23:17:42","action":"change-status","newStatus":"draft","terms":[],"taxonomy":"post_tag","extraData":[]},"publishpress_future_workflow_manual_trigger":{"enabledWorkflows":[]},"_links":{"self":[{"href":"https:\/\/arvier.eu\/fr\/wp-json\/wp\/v2\/pages\/7409","targetHints":{"allow":["GET"]}}],"collection":[{"href":"https:\/\/arvier.eu\/fr\/wp-json\/wp\/v2\/pages"}],"about":[{"href":"https:\/\/arvier.eu\/fr\/wp-json\/wp\/v2\/types\/page"}],"author":[{"embeddable":true,"href":"https:\/\/arvier.eu\/fr\/wp-json\/wp\/v2\/users\/1"}],"replies":[{"embeddable":true,"href":"https:\/\/arvier.eu\/fr\/wp-json\/wp\/v2\/comments?post=7409"}],"version-history":[{"count":0,"href":"https:\/\/arvier.eu\/fr\/wp-json\/wp\/v2\/pages\/7409\/revisions"}],"up":[{"embeddable":true,"href":"https:\/\/arvier.eu\/fr\/wp-json\/wp\/v2\/pages\/7240"}],"wp:attachment":[{"href":"https:\/\/arvier.eu\/fr\/wp-json\/wp\/v2\/media?parent=7409"}],"wp:term":[{"taxonomy":"post_tag","embeddable":true,"href":"https:\/\/arvier.eu\/fr\/wp-json\/wp\/v2\/tags?post=7409"}],"curies":[{"name":"wp","href":"https:\/\/api.w.org\/{rel}","templated":true}]}}

<figure class="wp-block-image"><a href="https://arvier.eu/images/stories/pagine/Capoluogo_e_Frazioni/Chez_Les_Fournier.jpeg"><img decoding="async" src="https://arvier.eu/images/stories/pagine/Capoluogo_e_Frazioni/Chez_Les_Fournierb.jpg" alt="Chez Les Fournierb" title="Foto Andrea Vallet"/></a></figure>



<p>Les deux agglomérations distinctes de Chez-les-Fournier (en patois Tchu Fourgnì) et de Chez-les-Moget (Tchu Modzè) se trouvent près du chef-lieu, le long de la route qui relie ce dernier aux hameaux hauts du&nbsp;<a href="https://arvier.eu/fr/arvier-et-ses-hameaux/verney-fr.html">Verney</a>, du&nbsp;<a href="https://arvier.eu/fr/arvier-et-ses-hameaux/petit-haury-fr.html">Petit-Haury</a>&nbsp;et du&nbsp;<a href="https://arvier.eu/fr/92-territoire/arvier-et-ses-hameaux/1191-grand-haury.html">Grand-Haury</a>&nbsp;et qui passe à côté du village de&nbsp;<a href="https://arvier.eu/fr/92-territoire/arvier-et-ses-hameaux/1189-la-crete.html">La Crête</a>.<br>Les toponymes Chez-les-Fournier et Chez-les-Moget, tout comme plusieurs autres du territoire communal (<a href="https://arvier.eu/fr/arvier-et-ses-hameaux/chez-les-garin-fr.html">Chez-les-Garin</a>, Chez-les-Roset, Chez-les-Gex, Chez-les-Sage/Chez-les-Moulins, Chez-les-Vection et Chez-les-Thomasset) sont issus des anthroponymes, c’est-à-dire des noms des familles qui habitaient là, à l’origine.<br>En 1875, cinquante-huit personnes habitaient au hameau de Chez-les-Fournier, alors qu’une seule famille de cinq personnes vivait à Chez-les-Moget. De nos jours, les deux hameaux sont très peuplés, notamment du fait de la construction de nouvelles habitations.</p>



<figure class="wp-block-image"><img decoding="async" src="https://arvier.eu/images/stories/pagine/Capoluogo_e_Frazioni/Chez_Les_Moget.jpg" alt="Chez Les Moget" title="Foto Andrea Vallet"/></figure>



<p><strong>Sources :</strong><br>Ambroise Roux, La Paroisse d’Arvier, Imprimerie Catholique, Aoste 1910.<br>Pro Loco di Arvier, Le Conte d’eun cou, Imprimerie valdôtaine, Aoste 1995.<br>AA.VV., Arvier, Una comunità nella Storia, Musumeci editore, Quart 2004.<br>AA.VV., Planaval, Histoire, mémoire et traditions d’une petite communauté, LeChâteau, Aoste 2009.<br>AA.VV., Baise-Pierre, Entre histoire et souvenir, Tipografia Marcoz, Morgex 2011.</p>

<p>Les deux agglomérations distinctes de Chez-les-Fournier (en patois Tchu Fourgnì) et de Chez-les-Moget (Tchu Modzè) se trouvent près du chef-lieu, le long de la route qui relie ce dernier aux hameaux hauts du&nbsp;Verney, du&nbsp;Petit-Haury&nbsp;et du&nbsp;Grand-Haury&nbsp;et qui passe à côté du village de&nbsp;La Crête.</p>
