{"id":7660,"date":"2022-07-02T13:50:30","date_gmt":"2022-07-02T11:50:30","guid":{"rendered":"https:\/\/arvier.eu\/?page_id=7660"},"modified":"2025-04-07T15:52:07","modified_gmt":"2025-04-07T13:52:07","slug":"servizi-scolastici","status":"publish","type":"page","link":"https:\/\/arvier.eu\/fr\/servizi-comunali\/servizi-scolastici\/","title":{"rendered":"Servizi scolastici"},"content":{"rendered":"\n<h3 class=\"wp-block-heading\">Servizio di trasporto scolastico<\/h3>\n\n\n\n<p>L&rsquo;Amministrazione comunale organizza il servizio di trasporto scolastico nell&rsquo;ambito del territorio comunale per gli alunni iscritti alla scuola dell&rsquo; infanzia e alla scuola primaria di Arvier.<\/p>\n\n\n\n<p>Il Comune richiede annualmente l&rsquo;iscrizione al servizio inviando a tutti gli utenti apposita comunicazione contenente le modalit\u00e0 di erogazione del servizio e di pagamento dello stesso.<\/p>\n\n\n\n<p>Con delibera di consiglio n. 38 del 30 dicembre 2024 &#8211; \u00ab\u00a0Determinazione aliquote e tariffe per la fruizione di beni e servizi comunali e del canone unico patrimoniale per l&rsquo;anno 2025\u00a0\u00bb \u00e9 stata stabilita la tariffa relativa al servizio di trasporto scolastico e <strong>confermata per l&rsquo;anno 2025<\/strong>, e precisamente:<\/p>\n\n\n\n<ul class=\"wp-block-list\">\n<li><strong>\u20ac 100,00 quota annuale.<\/strong><\/li>\n<\/ul>\n\n\n\n<p><a href=\"https:\/\/arvier.eu\/amministrazione\/regolamenti\/regolamento-del-servizio-di-trasporto-scolastico\/\" data-type=\"page\" data-id=\"160\">Regolamento del servizio di trasporto scolastico<\/a><\/p>\n\n\n\n<hr class=\"wp-block-separator has-alpha-channel-opacity\"\/>\n\n\n\n<h3 class=\"wp-block-heading\">Servizio di refezione scolastica<\/h3>\n\n\n\n<p>Il servizio di refezione scolastica viene offerto agli alunni frequentanti le scuole dell&rsquo;infanzia e primaria presenti sul territorio comunale nonch\u00e9 agli insegnanti e al personale ausiliario aventi diritto al pasto.<\/p>\n\n\n\n<p>E&rsquo; facolt\u00e0 dell&rsquo;Amministrazione ammettere al servizio anche gli alunni frequentanti scuole dell&rsquo;infanzia e primaria di altri Comuni qualora l&rsquo;Istituzione Scolastica proponga progetti formativi rivolti non soltanto agli alunni delle scuole di Arvier, fermo restando l&rsquo;addebito dei relativi costi agli Enti di provenienza dei minori e relativi eventuali accompagnatori aventi diritto al pasto.<\/p>\n\n\n\n<p>I pasti vengono preparati dalla cucina dell&rsquo;Unit\u00e9 des Communes vald\u00f4taines Grand-Paradis e il men\u00f9 \u00e8 stato elaborato dagli specialisti in dietologia dell\u2019Usl: nell\u2019arco della settimana propone tutti gli alimenti di cui i bambini hanno bisogno per una crescita sana e regolare.<\/p>\n\n\n\n<p>Il Comune richiede annualmente l&rsquo;iscrizione al servizio inviando a tutti gli utenti apposita comunicazione contenente le modalit\u00e0 di erogazione del servizio e di pagamento dello stesso.<\/p>\n\n\n\n<p>Con delibera di consiglio n. 38 del 30 dicembre 2024 &#8211; \u00ab\u00a0Determinazione aliquote e tariffe per la fruizione di beni e servizi comunali e del canone unico patrimoniale per l&rsquo;anno 2025\u00a0\u00bb sono state stabilite le tariffe relative al servizio mensa scolastica  per l&rsquo;anno scolastico 2025, e precisamente:<\/p>\n\n\n\n<ul class=\"wp-block-list\">\n<li><strong>\u20ac 100,00 quota annuale;<\/strong><\/li>\n\n\n\n<li><strong>\u20ac 4,00 per ogni pasto<\/strong>.<\/li>\n<\/ul>\n\n\n\n<p><a href=\"https:\/\/arvier.eu\/amministrazione\/regolamenti\/regolamento-del-servizio-di-refezione-scolastica\/\" data-type=\"page\" data-id=\"157\">Regolamento del servizio di refezione scolastica<\/a><\/p>\n\n\n\n<hr class=\"wp-block-separator has-alpha-channel-opacity is-style-default\"\/>\n\n\n\n<h3 class=\"wp-block-heading has-text-align-center\">Accedi ai servizi<\/h3>\n\n\n<div class=\"wp-block-image\">\n<figure class=\"aligncenter size-full\"><a href=\"https:\/\/www.schoolesuite.it\/default1\/NSC_Login.aspx?installation_code=arvier\" target=\"_blank\" rel=\"noreferrer noopener\"><img loading=\"lazy\" decoding=\"async\" width=\"262\" height=\"110\" src=\"https:\/\/arvier.eu\/wp-content\/uploads\/2022\/07\/spid-cie.png\" alt=\"Entra con SPID o CIE\" class=\"wp-image-7657\"\/><\/a><\/figure>\n<\/div>","protected":false},"excerpt":{"rendered":"<p>Servizio di trasporto scolastico L&rsquo;Amministrazione comunale organizza il servizio di trasporto scolastico nell&rsquo;ambito del territorio comunale per gli alunni iscritti alla scuola dell&rsquo; infanzia e alla scuola primaria di Arvier.<\/p>\n","protected":false},"author":4,"featured_media":0,"parent":1227,"menu_order":7,"comment_status":"closed","ping_status":"closed","template":"","meta":{"footnotes":""},"tags":[],"class_list":["post-7660","page","type-page","status-publish","hentry"],"publishpress_future_action":{"enabled":false,"date":"2026-05-06 22:49:14","action":"change-status","newStatus":"draft","terms":[],"taxonomy":"post_tag","extraData":[]},"publishpress_future_workflow_manual_trigger":{"enabledWorkflows":[]},"_links":{"self":[{"href":"https:\/\/arvier.eu\/fr\/wp-json\/wp\/v2\/pages\/7660","targetHints":{"allow":["GET"]}}],"collection":[{"href":"https:\/\/arvier.eu\/fr\/wp-json\/wp\/v2\/pages"}],"about":[{"href":"https:\/\/arvier.eu\/fr\/wp-json\/wp\/v2\/types\/page"}],"author":[{"embeddable":true,"href":"https:\/\/arvier.eu\/fr\/wp-json\/wp\/v2\/users\/4"}],"replies":[{"embeddable":true,"href":"https:\/\/arvier.eu\/fr\/wp-json\/wp\/v2\/comments?post=7660"}],"version-history":[{"count":0,"href":"https:\/\/arvier.eu\/fr\/wp-json\/wp\/v2\/pages\/7660\/revisions"}],"up":[{"embeddable":true,"href":"https:\/\/arvier.eu\/fr\/wp-json\/wp\/v2\/pages\/1227"}],"wp:attachment":[{"href":"https:\/\/arvier.eu\/fr\/wp-json\/wp\/v2\/media?parent=7660"}],"wp:term":[{"taxonomy":"post_tag","embeddable":true,"href":"https:\/\/arvier.eu\/fr\/wp-json\/wp\/v2\/tags?post=7660"}],"curies":[{"name":"wp","href":"https:\/\/api.w.org\/{rel}","templated":true}]}}

<h3 class="wp-block-heading">Servizio di trasporto scolastico</h3>



<p>L&rsquo;Amministrazione comunale organizza il servizio di trasporto scolastico nell&rsquo;ambito del territorio comunale per gli alunni iscritti alla scuola dell&rsquo; infanzia e alla scuola primaria di Arvier.</p>



<p>Il Comune richiede annualmente l&rsquo;iscrizione al servizio inviando a tutti gli utenti apposita comunicazione contenente le modalità di erogazione del servizio e di pagamento dello stesso.</p>



<p>Con delibera di consiglio n. 38 del 30 dicembre 2024 &#8211; « Determinazione aliquote e tariffe per la fruizione di beni e servizi comunali e del canone unico patrimoniale per l&rsquo;anno 2025 » é stata stabilita la tariffa relativa al servizio di trasporto scolastico e <strong>confermata per l&rsquo;anno 2025</strong>, e precisamente:</p>



<ul class="wp-block-list">
<li><strong>€ 100,00 quota annuale.</strong></li>
</ul>



<p><a href="https://arvier.eu/amministrazione/regolamenti/regolamento-del-servizio-di-trasporto-scolastico/" data-type="page" data-id="160">Regolamento del servizio di trasporto scolastico</a></p>



<hr class="wp-block-separator has-alpha-channel-opacity"/>



<h3 class="wp-block-heading">Servizio di refezione scolastica</h3>



<p>Il servizio di refezione scolastica viene offerto agli alunni frequentanti le scuole dell&rsquo;infanzia e primaria presenti sul territorio comunale nonché agli insegnanti e al personale ausiliario aventi diritto al pasto.</p>



<p>E&rsquo; facoltà dell&rsquo;Amministrazione ammettere al servizio anche gli alunni frequentanti scuole dell&rsquo;infanzia e primaria di altri Comuni qualora l&rsquo;Istituzione Scolastica proponga progetti formativi rivolti non soltanto agli alunni delle scuole di Arvier, fermo restando l&rsquo;addebito dei relativi costi agli Enti di provenienza dei minori e relativi eventuali accompagnatori aventi diritto al pasto.</p>



<p>I pasti vengono preparati dalla cucina dell&rsquo;Unité des Communes valdôtaines Grand-Paradis e il menù è stato elaborato dagli specialisti in dietologia dell’Usl: nell’arco della settimana propone tutti gli alimenti di cui i bambini hanno bisogno per una crescita sana e regolare.</p>



<p>Il Comune richiede annualmente l&rsquo;iscrizione al servizio inviando a tutti gli utenti apposita comunicazione contenente le modalità di erogazione del servizio e di pagamento dello stesso.</p>



<p>Con delibera di consiglio n. 38 del 30 dicembre 2024 &#8211; « Determinazione aliquote e tariffe per la fruizione di beni e servizi comunali e del canone unico patrimoniale per l&rsquo;anno 2025 » sono state stabilite le tariffe relative al servizio mensa scolastica  per l&rsquo;anno scolastico 2025, e precisamente:</p>



<ul class="wp-block-list">
<li><strong>€ 100,00 quota annuale;</strong></li>



<li><strong>€ 4,00 per ogni pasto</strong>.</li>
</ul>



<p><a href="https://arvier.eu/amministrazione/regolamenti/regolamento-del-servizio-di-refezione-scolastica/" data-type="page" data-id="157">Regolamento del servizio di refezione scolastica</a></p>



<hr class="wp-block-separator has-alpha-channel-opacity is-style-default"/>



<h3 class="wp-block-heading has-text-align-center">Accedi ai servizi</h3>


<div class="wp-block-image">
<figure class="aligncenter size-full"><a href="https://www.schoolesuite.it/default1/NSC_Login.aspx?installation_code=arvier" target="_blank" rel="noreferrer noopener"><img loading="lazy" decoding="async" width="262" height="110" src="https://arvier.eu/wp-content/uploads/2022/07/spid-cie.png" alt="Entra con SPID o CIE" class="wp-image-7657"/></a></figure>
</div>
